    {"id":470,"date":"2021-02-15T12:22:16","date_gmt":"2021-02-15T12:22:16","guid":{"rendered":"https:\/\/www2.hu-berlin.de\/corona-stadt\/?page_id=470"},"modified":"2021-03-22T13:41:44","modified_gmt":"2021-03-22T13:41:44","slug":"home-2","status":"publish","type":"page","link":"https:\/\/www2.hu-berlin.de\/corona-stadt\/","title":{"rendered":"Home DE"},"content":{"rendered":"\n<div class=\"wp-block-group\"><div class=\"wp-block-group__inner-container is-layout-flow wp-block-group-is-layout-flow\">\n<div class=\"wp-block-columns is-layout-flex wp-container-core-columns-is-layout-9d6595d7 wp-block-columns-is-layout-flex\">\n<div class=\"wp-block-column is-layout-flow wp-block-column-is-layout-flow\" style=\"flex-basis:33.33%\">\n<p><a href=\"https:\/\/www2.hu-berlin.de\/corona-stadt\/es\/santiago-inicio\/\">LA VIDA URBANA DURANTE CORONA EN SANTIAGO DE CHILE<\/a><\/p>\n\n\n\n<figure class=\"wp-block-image size-large\"><img decoding=\"async\" src=\"https:\/\/www2.hu-berlin.de\/corona-stadt\/wp-content\/uploads\/2021\/03\/santiago2.png\" alt=\"\" class=\"wp-image-483\"\/><\/figure>\n\n\n\n<p><\/p>\n<\/div>\n\n\n\n<div class=\"wp-block-column is-layout-flow wp-block-column-is-layout-flow\" style=\"flex-basis:66.66%\">\n<p>Bienvenid@ a nuestro sitio web. <a href=\"https:\/\/www2.hu-berlin.de\/corona-stadt\/es\/santiago-inicio\/\">Aqu\u00ed<\/a> encontrar\u00e1 informaci\u00f3n sobre el proyecto y llegar\u00e1 directamente a la encuesta en Santiago de Chile.<\/p>\n<\/div>\n<\/div>\n<\/div><\/div>\n\n\n\n<div class=\"wp-block-group\"><div class=\"wp-block-group__inner-container is-layout-flow wp-block-group-is-layout-flow\">\n<div class=\"wp-block-columns is-layout-flex wp-container-core-columns-is-layout-9d6595d7 wp-block-columns-is-layout-flex\">\n<div class=\"wp-block-column is-layout-flow wp-block-column-is-layout-flow\" style=\"flex-basis:33.33%\">\n<p><a href=\"https:\/\/www2.hu-berlin.de\/corona-stadt\/es_ca\/barcelona-inicio\/\">LA VIDA URBANA DURANTE CORONA EN BARCELONA<\/a><\/p>\n\n\n\n<figure class=\"wp-block-image size-large\"><img fetchpriority=\"high\" decoding=\"async\" width=\"491\" height=\"147\" src=\"https:\/\/www2.hu-berlin.de\/corona-stadt\/wp-content\/uploads\/2021\/02\/barcelona.png\" alt=\"\" class=\"wp-image-482\" srcset=\"https:\/\/www2.hu-berlin.de\/corona-stadt\/wp-content\/uploads\/2021\/02\/barcelona.png 491w, https:\/\/www2.hu-berlin.de\/corona-stadt\/wp-content\/uploads\/2021\/02\/barcelona-300x90.png 300w\" sizes=\"(max-width: 491px) 100vw, 491px\" \/><\/figure>\n\n\n\n<p><\/p>\n<\/div>\n\n\n\n<div class=\"wp-block-column is-layout-flow wp-block-column-is-layout-flow\" style=\"flex-basis:66.66%\">\n<p>Bienvenid@ a nuestro sitio web. <a href=\"https:\/\/www2.hu-berlin.de\/corona-stadt\/es_ca\/barcelona-inicio\/\">Aqu\u00ed<\/a> encontrar\u00e1 informaci\u00f3n sobre el proyecto y llegar\u00e1 directamente a la encuesta en Barcelona.<\/p>\n\n\n\n<p>Benvingut al nostre lloc web. <a href=\"https:\/\/www2.hu-berlin.de\/corona-stadt\/ca\/inicio\/\">Aqu\u00ed trobareu<\/a> informaci\u00f3 sobre el projecte i arribar\u00e0 directament a l'enquesta a Barcelona.<\/p>\n<\/div>\n<\/div>\n<\/div><\/div>\n\n\n\n<div class=\"wp-block-group\"><div class=\"wp-block-group__inner-container is-layout-flow wp-block-group-is-layout-flow\">\n<div class=\"wp-block-columns is-layout-flex wp-container-core-columns-is-layout-9d6595d7 wp-block-columns-is-layout-flex\">\n<div class=\"wp-block-column is-layout-flow wp-block-column-is-layout-flow\" style=\"flex-basis:33.33%\">\n<p><a href=\"https:\/\/www2.hu-berlin.de\/corona-stadt\/startseite\/\">ST\u00c4DTISCHES LEBEN W\u00c4HREND CORONA IN BERLIN<\/a><\/p>\n\n\n\n<figure class=\"wp-block-image size-large\"><img decoding=\"async\" src=\"https:\/\/www2.hu-berlin.de\/corona-stadt\/wp-content\/uploads\/2021\/02\/hu.jpeg\" alt=\"\" class=\"wp-image-484\"\/><\/figure>\n\n\n\n<p><\/p>\n<\/div>\n\n\n\n<div class=\"wp-block-column is-layout-flow wp-block-column-is-layout-flow\" style=\"flex-basis:66.66%\">\n<p>Willkommen auf unserer Webseite! <a href=\"https:\/\/www2.hu-berlin.de\/corona-stadt\/startseite\/\">Hier<\/a> finden Sie Informationen zum Projekt und Ergebnisse der Befragung in Berlin.<\/p>\n\n\n\n<p>Welcome to our website! <a href=\"https:\/\/www2.hu-berlin.de\/corona-stadt\/en\/home\/\">Here<\/a> you find information about the project and results of the survey in Berlin.<\/p>\n<\/div>\n<\/div>\n<\/div><\/div>\n","protected":false},"excerpt":{"rendered":"<p>LA VIDA URBANA DURANTE CORONA EN SANTIAGO DE CHILE Bienvenid@ a nuestro sitio web. Aqu\u00ed encontrar\u00e1 informaci\u00f3n sobre el proyecto y llegar\u00e1 directamente a la encuesta en Santiago de Chile. LA VIDA URBANA DURANTE CORONA EN BARCELONA Bienvenid@ a nuestro sitio web. Aqu\u00ed encontrar\u00e1 informaci\u00f3n sobre el proyecto y llegar\u00e1 directamente a la encuesta en [&hellip;]<\/p>\n","protected":false},"author":1,"featured_media":0,"parent":0,"menu_order":0,"comment_status":"closed","ping_status":"closed","template":"template_homepage.php","meta":{"footnotes":""},"class_list":["post-470","page","type-page","status-publish","hentry"],"_links":{"self":[{"href":"https:\/\/www2.hu-berlin.de\/corona-stadt\/wp-json\/wp\/v2\/pages\/470","targetHints":{"allow":["GET"]}}],"collection":[{"href":"https:\/\/www2.hu-berlin.de\/corona-stadt\/wp-json\/wp\/v2\/pages"}],"about":[{"href":"https:\/\/www2.hu-berlin.de\/corona-stadt\/wp-json\/wp\/v2\/types\/page"}],"author":[{"embeddable":true,"href":"https:\/\/www2.hu-berlin.de\/corona-stadt\/wp-json\/wp\/v2\/users\/1"}],"replies":[{"embeddable":true,"href":"https:\/\/www2.hu-berlin.de\/corona-stadt\/wp-json\/wp\/v2\/comments?post=470"}],"version-history":[{"count":23,"href":"https:\/\/www2.hu-berlin.de\/corona-stadt\/wp-json\/wp\/v2\/pages\/470\/revisions"}],"predecessor-version":[{"id":694,"href":"https:\/\/www2.hu-berlin.de\/corona-stadt\/wp-json\/wp\/v2\/pages\/470\/revisions\/694"}],"wp:attachment":[{"href":"https:\/\/www2.hu-berlin.de\/corona-stadt\/wp-json\/wp\/v2\/media?parent=470"}],"curies":[{"name":"wp","href":"https:\/\/api.w.org\/{rel}","templated":true}]}}