{"id":3488,"date":"2019-01-11T18:23:22","date_gmt":"2019-01-11T17:23:22","guid":{"rendered":"https:\/\/www2.hu-berlin.de\/extraterritorial\/?page_id=3488"},"modified":"2022-01-25T10:55:30","modified_gmt":"2022-01-25T09:55:30","slug":"esperanto","status":"publish","type":"page","link":"https:\/\/www2.hu-berlin.de\/extraterritorial\/forschung\/esperanto\/","title":{"rendered":"Esperanto"},"content":{"rendered":"<p>1887 wurde Unua libro, das erste Manifest f\u00fcr das Esperanto \u2013 auf Russisch von einem j\u00fcdischen (jiddischsprechenden) Augenarzt, der als Dr. Esperanto (Dr. \u201eDer Hoffende\u201c) unterschrieb &#8211; in Warschau ver\u00f6ffentlicht. Wenn sie auch nicht die erste Plansprache gewesen ist, so ist sie doch diejenige, die sich durchgesetzt hat. Anderes als Volap\u00fck oder Neo-Latein wurzelt das Esperanto tief in der j\u00fcdischen Tradition.<\/p>\n<p><!--more--><\/p>\n<p>Das \u201ePrinzip Hoffnung\u201c (Esperanto) kombiniert die Ideen der Utopie (als sozialer Gerechtigkeit wie sie in dem Schrei der Propheten zu h\u00f6ren ist) mit der zentrale Rolle der Sprache f\u00fcr die Menschheit \u2013 und die Zukunft. Auf der Grundlage eines j\u00fcdischen Kosmopolitismus, der die Differenzen nicht nur respektiert sondern auch zu sch\u00fctzen wei\u00df, erschafft Zamenhof mit seinem Beitrag eine revolution\u00e4re \u00dcbersetzung der j\u00fcdischen Sprach- und Sozialideen, die er sp\u00e4ter mit seinem \u201eHillelismus\u201c Programm noch verst\u00e4rken sollte.<\/p>\n","protected":false},"excerpt":{"rendered":"<p>1887 wurde Unua libro, das erste Manifest f\u00fcr das Esperanto \u2013 auf Russisch von einem j\u00fcdischen (jiddischsprechenden) Augenarzt, der als Dr. Esperanto (Dr. \u201eDer Hoffende\u201c) unterschrieb &#8211; in Warschau ver\u00f6ffentlicht. Wenn sie auch nicht die erste Plansprache gewesen ist, so ist sie doch diejenige, die sich durchgesetzt hat. Anderes als Volap\u00fck oder Neo-Latein wurzelt das [&hellip;]<\/p>\n","protected":false},"author":14,"featured_media":3628,"parent":6584,"menu_order":4,"comment_status":"closed","ping_status":"closed","template":"templates\/grid-page.php","meta":{"footnotes":""},"_links":{"self":[{"href":"https:\/\/www2.hu-berlin.de\/extraterritorial\/wp-json\/wp\/v2\/pages\/3488"}],"collection":[{"href":"https:\/\/www2.hu-berlin.de\/extraterritorial\/wp-json\/wp\/v2\/pages"}],"about":[{"href":"https:\/\/www2.hu-berlin.de\/extraterritorial\/wp-json\/wp\/v2\/types\/page"}],"author":[{"embeddable":true,"href":"https:\/\/www2.hu-berlin.de\/extraterritorial\/wp-json\/wp\/v2\/users\/14"}],"replies":[{"embeddable":true,"href":"https:\/\/www2.hu-berlin.de\/extraterritorial\/wp-json\/wp\/v2\/comments?post=3488"}],"version-history":[{"count":1,"href":"https:\/\/www2.hu-berlin.de\/extraterritorial\/wp-json\/wp\/v2\/pages\/3488\/revisions"}],"predecessor-version":[{"id":6426,"href":"https:\/\/www2.hu-berlin.de\/extraterritorial\/wp-json\/wp\/v2\/pages\/3488\/revisions\/6426"}],"up":[{"embeddable":true,"href":"https:\/\/www2.hu-berlin.de\/extraterritorial\/wp-json\/wp\/v2\/pages\/6584"}],"wp:featuredmedia":[{"embeddable":true,"href":"https:\/\/www2.hu-berlin.de\/extraterritorial\/wp-json\/wp\/v2\/media\/3628"}],"wp:attachment":[{"href":"https:\/\/www2.hu-berlin.de\/extraterritorial\/wp-json\/wp\/v2\/media?parent=3488"}],"curies":[{"name":"wp","href":"https:\/\/api.w.org\/{rel}","templated":true}]}}