{"id":5662,"date":"2019-06-05T14:03:30","date_gmt":"2019-06-05T12:03:30","guid":{"rendered":"https:\/\/www2.hu-berlin.de\/extraterritorial\/?page_id=5662"},"modified":"2022-01-24T17:57:31","modified_gmt":"2022-01-24T16:57:31","slug":"laurent-quint","status":"publish","type":"page","link":"https:\/\/www2.hu-berlin.de\/extraterritorial\/team\/promovierende-2\/laurent-quint\/","title":{"rendered":"Laurent Quint"},"content":{"rendered":"<p><strong>L\u2019\u00e9cho du paradis perdu. Erinnerungskultur und Selbstverst\u00e4ndnis(se) algerischer Juden in Frankreich<\/strong><\/p>\n<p><em>\u00abJ&#8217;ai perdu sept ans de ma vie: deux ans parce que j&#8217;\u00e9tais juif, trois ans parce que j&#8217;\u00e9tais Fran\u00e7ais, deux ans parce que j&#8217;\u00e9tais Alg\u00e9rien.\u00bb<\/em><br \/>\n<em>(Georges Hadjadj, algerisch-j\u00fcdischer Aktivist bei der PCA)<\/em><\/p>\n<p>In der Dissertation wird die literarische und filmische Auseinandersetzung algerischer Juden mit ihrer Lebenswelt in Frankreich untersucht. Im Zentrum stehen einerseits Werke der ersten Generation, also von in Algerien geborenen Juden, die als Zeitzeugen in Erscheinung treten und ihre algerisch-j\u00fcdische Lebenswelt von einst evozieren, aber auch ihre Erfahrungen in Frankreich hinsichtlich ihrer Migration und Situation als Minderheit schildern. Demgegen\u00fcber stehen Zeugnisse der in Frankreich geborenen Nachkommen algerischer Juden, die sich inhaltlich insbesondere mit ihrer gegenw\u00e4rtigen Lebenswelt in Frankreich besch\u00e4ftigen. Ihr algerisch-j\u00fcdisches Selbstverst\u00e4ndnis st\u00fctzt sich auf die Traditionen, Br\u00e4uche und Erinnerungen ihrer Eltern und Gro\u00dfeltern. Aus einer postkolonialen und transgenerationellen Perspektive werden auf diese Weise die Themen Migration, (hybride) Identit\u00e4t, Exil und Erinnerung durch ein algerisch-j\u00fcdisches Prisma beleuchtet.<!--more--><br \/>\nDer Analysekorpus ber\u00fccksichtigt Literatur und Medien, die nach der Unabh\u00e4ngigkeit bis in die Gegenwart hinein von algerischen Juden und ihren Nachfahren in Frankreich publiziert wurden, wobei die Mehrzahl der analysierten Kulturprodukte im Zeitfenster der letzten 30 Jahre ver\u00f6ffentlicht wurden.<\/p>\n","protected":false},"excerpt":{"rendered":"<p>L\u2019\u00e9cho du paradis perdu. Erinnerungskultur und Selbstverst\u00e4ndnis(se) algerischer Juden in Frankreich \u00abJ&#8217;ai perdu sept ans de ma vie: deux ans parce que j&#8217;\u00e9tais juif, trois ans parce que j&#8217;\u00e9tais Fran\u00e7ais, deux ans parce que j&#8217;\u00e9tais Alg\u00e9rien.\u00bb (Georges Hadjadj, algerisch-j\u00fcdischer Aktivist bei der PCA) In der Dissertation wird die literarische und filmische Auseinandersetzung algerischer Juden mit [&hellip;]<\/p>\n","protected":false},"author":14,"featured_media":6051,"parent":6570,"menu_order":5,"comment_status":"closed","ping_status":"closed","template":"templates\/grid-page.php","meta":{"footnotes":""},"_links":{"self":[{"href":"https:\/\/www2.hu-berlin.de\/extraterritorial\/wp-json\/wp\/v2\/pages\/5662"}],"collection":[{"href":"https:\/\/www2.hu-berlin.de\/extraterritorial\/wp-json\/wp\/v2\/pages"}],"about":[{"href":"https:\/\/www2.hu-berlin.de\/extraterritorial\/wp-json\/wp\/v2\/types\/page"}],"author":[{"embeddable":true,"href":"https:\/\/www2.hu-berlin.de\/extraterritorial\/wp-json\/wp\/v2\/users\/14"}],"replies":[{"embeddable":true,"href":"https:\/\/www2.hu-berlin.de\/extraterritorial\/wp-json\/wp\/v2\/comments?post=5662"}],"version-history":[{"count":7,"href":"https:\/\/www2.hu-berlin.de\/extraterritorial\/wp-json\/wp\/v2\/pages\/5662\/revisions"}],"predecessor-version":[{"id":6066,"href":"https:\/\/www2.hu-berlin.de\/extraterritorial\/wp-json\/wp\/v2\/pages\/5662\/revisions\/6066"}],"up":[{"embeddable":true,"href":"https:\/\/www2.hu-berlin.de\/extraterritorial\/wp-json\/wp\/v2\/pages\/6570"}],"wp:featuredmedia":[{"embeddable":true,"href":"https:\/\/www2.hu-berlin.de\/extraterritorial\/wp-json\/wp\/v2\/media\/6051"}],"wp:attachment":[{"href":"https:\/\/www2.hu-berlin.de\/extraterritorial\/wp-json\/wp\/v2\/media?parent=5662"}],"curies":[{"name":"wp","href":"https:\/\/api.w.org\/{rel}","templated":true}]}}