{"id":7365,"date":"2024-10-03T17:32:14","date_gmt":"2024-10-03T15:32:14","guid":{"rendered":"https:\/\/www2.hu-berlin.de\/extraterritorial\/?page_id=7365"},"modified":"2025-02-21T13:10:33","modified_gmt":"2025-02-21T12:10:33","slug":"katrin-schuster","status":"publish","type":"page","link":"https:\/\/www2.hu-berlin.de\/extraterritorial\/team\/promovierende-2\/katrin-schuster\/","title":{"rendered":"Katrin Schuster"},"content":{"rendered":"<p><strong>Der Stifter als Politiker? Hermann Weil und die deutsch-j\u00fcdische (Vor-) Geschichte des Frankfurter Instituts f\u00fcr Sozialforschung. <\/strong><em>\u00dcber den Einfluss eines deutschliberalen argentinischen Juden auf den Ursprung der Kritischen Theorie<\/em><\/p>\n<p>Der 1868 im heutigen Baden-W\u00fcrttemberg geborene j\u00fcdische Getreideh\u00e4ndler Hermann Weil stiftete gro\u00dfe Summen f\u00fcr die auf deren Emanzipation gerichtete Erforschung der Gesellschaft durch das 1923 in Frankfurt am Main gegr\u00fcndete Institut f\u00fcr Sozialforschung (IfS). Was trieb den Gro\u00dfunternehmer dabei an? Mit der Hypothese einer auf die j\u00fcdische Erfahrung zur\u00fcckgehenden bewussten gesellschaftlichen Anpassung Weils und vor dem faktischen Hintergrund des langj\u00e4hrigen sozialwissenschaftlichen Engagements geht diese Arbeit davon aus, dass er von Anfang an im Bilde war, was es mit dem IfS auf sich hatte, sogar dessen politische Orientierung unterst\u00fctzte. Dar\u00fcber hinaus wird sein Leben \u2013 von der Zeit des ausgehenden 19. Jahrhunderts bis in die Weimarer Republik, von der europ\u00e4ischen bis hin zur s\u00fcdamerikanischen Erfahrung \u2013 als Prisma f\u00fcr bisher nicht miteinander verkn\u00fcpfte historische Konstellationen verstanden, die in einen transkontinentalen Zusammenhang gebracht und reflektiert werden sollen. <!--more-->Denn Weil erlebte nicht allein den nationalistischen Wandel in Deutschland und die Anf\u00e4nge der europ\u00e4ischen und argentinischen Industrialisierung, sondern auch die j\u00fcdische Integration und Migration in Europa und S\u00fcdamerika. Die biographische Genese wird also zugrunde gelegt, um im Spiegel der Geschichte des deutschen und europ\u00e4ischen Judentums, der Entwicklung der Moderne und des Antisemitismus zu erforschen, wen oder was Hermann Weil auch symbolisch vertritt und wie, vor diesem analytisch \u201aerweiterten\u2018 Hintergrund, seine lebenslange F\u00f6rderung des IfS zu verstehen sein kann.<\/p>\n<p>Katrin Schuster ist Stipendiatin des Ernst Ludwig Ehrlich Studienwerks (ELES).<\/p>\n","protected":false},"excerpt":{"rendered":"<p>Der Stifter als Politiker? Hermann Weil und die deutsch-j\u00fcdische (Vor-) Geschichte des Frankfurter Instituts f\u00fcr Sozialforschung. \u00dcber den Einfluss eines deutschliberalen argentinischen Juden auf den Ursprung der Kritischen Theorie Der 1868 im heutigen Baden-W\u00fcrttemberg geborene j\u00fcdische Getreideh\u00e4ndler Hermann Weil stiftete gro\u00dfe Summen f\u00fcr die auf deren Emanzipation gerichtete Erforschung der Gesellschaft durch das 1923 in [&hellip;]<\/p>\n","protected":false},"author":14,"featured_media":7366,"parent":6570,"menu_order":4,"comment_status":"closed","ping_status":"closed","template":"templates\/grid-page.php","meta":{"footnotes":""},"_links":{"self":[{"href":"https:\/\/www2.hu-berlin.de\/extraterritorial\/wp-json\/wp\/v2\/pages\/7365"}],"collection":[{"href":"https:\/\/www2.hu-berlin.de\/extraterritorial\/wp-json\/wp\/v2\/pages"}],"about":[{"href":"https:\/\/www2.hu-berlin.de\/extraterritorial\/wp-json\/wp\/v2\/types\/page"}],"author":[{"embeddable":true,"href":"https:\/\/www2.hu-berlin.de\/extraterritorial\/wp-json\/wp\/v2\/users\/14"}],"replies":[{"embeddable":true,"href":"https:\/\/www2.hu-berlin.de\/extraterritorial\/wp-json\/wp\/v2\/comments?post=7365"}],"version-history":[{"count":5,"href":"https:\/\/www2.hu-berlin.de\/extraterritorial\/wp-json\/wp\/v2\/pages\/7365\/revisions"}],"predecessor-version":[{"id":7371,"href":"https:\/\/www2.hu-berlin.de\/extraterritorial\/wp-json\/wp\/v2\/pages\/7365\/revisions\/7371"}],"up":[{"embeddable":true,"href":"https:\/\/www2.hu-berlin.de\/extraterritorial\/wp-json\/wp\/v2\/pages\/6570"}],"wp:featuredmedia":[{"embeddable":true,"href":"https:\/\/www2.hu-berlin.de\/extraterritorial\/wp-json\/wp\/v2\/media\/7366"}],"wp:attachment":[{"href":"https:\/\/www2.hu-berlin.de\/extraterritorial\/wp-json\/wp\/v2\/media?parent=7365"}],"curies":[{"name":"wp","href":"https:\/\/api.w.org\/{rel}","templated":true}]}}