{"id":7638,"date":"2025-03-05T10:30:16","date_gmt":"2025-03-05T09:30:16","guid":{"rendered":"https:\/\/www2.hu-berlin.de\/extraterritorial\/?page_id=7638"},"modified":"2026-01-15T11:59:15","modified_gmt":"2026-01-15T10:59:15","slug":"prof-dr-galili-shahar-gastprofessor","status":"publish","type":"page","link":"https:\/\/www2.hu-berlin.de\/extraterritorial\/team\/lehrstuhl\/prof-dr-galili-shahar-gastprofessor\/","title":{"rendered":"Prof. Dr. Galili Shahar (Professurvertretung)"},"content":{"rendered":"<p style=\"font-weight: 400;\">Galili Shahar ist Professor f\u00fcr Vergleichende Literaturwissenschaft und Germanistik. Seine Arbeit widmet sich der Forschung und Lehre zu deutscher, j\u00fcdischer und hebr\u00e4ischer Literatur sowie zur klassischen persischen Literatur.<\/p>\n<p>Kontakt: <a style=\"font-size: 1rem;\" href=\"mailto:gshahar2010@gmail.com\" rel=\"noreferrer\">gshahar2010@gmail.com<\/a><br \/>\n<!--more--><br \/>\nZu seinen Ver\u00f6ffentlichungen geh\u00f6ren B\u00fccher \u00fcber Goethe, Kafka und Celan sowie Aufs\u00e4tze \u00fcber Walter Benjamin, Gershom Scholem, Franz Rosenzweig und Erich Auerbach, S. Y. Agnon und andere. In den Jahren 2013 bis 2020 leitete er das Minerva-Institut f\u00fcr Deutsche Geschichte an der Universit\u00e4t Tel Aviv. Im Jahr 2020 wurde er zum Leiter der School of Cultural Studies ernannt. Im Wintersemester 2024\/25 hatte er eine Gastprofessur an der Ludwig-Maximilians-Universit\u00e4t (LMU) M\u00fcnchen und ist seit dem Sommersemester 2025 an der Humboldt-Universit\u00e4t zu Berlin als Gastprofessor t\u00e4tig.<\/p>\n<p>&nbsp;<\/p>\n","protected":false},"excerpt":{"rendered":"<p>Galili Shahar ist Professor f\u00fcr Vergleichende Literaturwissenschaft und Germanistik. Seine Arbeit widmet sich der Forschung und Lehre zu deutscher, j\u00fcdischer und hebr\u00e4ischer Literatur sowie zur klassischen persischen Literatur. Kontakt: gshahar2010@gmail.com<\/p>\n","protected":false},"author":17,"featured_media":7836,"parent":6704,"menu_order":4,"comment_status":"closed","ping_status":"closed","template":"templates\/grid-page.php","meta":{"footnotes":""},"_links":{"self":[{"href":"https:\/\/www2.hu-berlin.de\/extraterritorial\/wp-json\/wp\/v2\/pages\/7638"}],"collection":[{"href":"https:\/\/www2.hu-berlin.de\/extraterritorial\/wp-json\/wp\/v2\/pages"}],"about":[{"href":"https:\/\/www2.hu-berlin.de\/extraterritorial\/wp-json\/wp\/v2\/types\/page"}],"author":[{"embeddable":true,"href":"https:\/\/www2.hu-berlin.de\/extraterritorial\/wp-json\/wp\/v2\/users\/17"}],"replies":[{"embeddable":true,"href":"https:\/\/www2.hu-berlin.de\/extraterritorial\/wp-json\/wp\/v2\/comments?post=7638"}],"version-history":[{"count":5,"href":"https:\/\/www2.hu-berlin.de\/extraterritorial\/wp-json\/wp\/v2\/pages\/7638\/revisions"}],"predecessor-version":[{"id":7665,"href":"https:\/\/www2.hu-berlin.de\/extraterritorial\/wp-json\/wp\/v2\/pages\/7638\/revisions\/7665"}],"up":[{"embeddable":true,"href":"https:\/\/www2.hu-berlin.de\/extraterritorial\/wp-json\/wp\/v2\/pages\/6704"}],"wp:featuredmedia":[{"embeddable":true,"href":"https:\/\/www2.hu-berlin.de\/extraterritorial\/wp-json\/wp\/v2\/media\/7836"}],"wp:attachment":[{"href":"https:\/\/www2.hu-berlin.de\/extraterritorial\/wp-json\/wp\/v2\/media?parent=7638"}],"curies":[{"name":"wp","href":"https:\/\/api.w.org\/{rel}","templated":true}]}}

<p style="font-weight: 400;">Galili Shahar ist Professor für Vergleichende Literaturwissenschaft und Germanistik. Seine Arbeit widmet sich der Forschung und Lehre zu deutscher, jüdischer und hebräischer Literatur sowie zur klassischen persischen Literatur.</p>
<p>Kontakt: <a style="font-size: 1rem;" href="mailto:gshahar2010@gmail.com" rel="noreferrer">gshahar2010@gmail.com</a><br />
<!--more--><br />
Zu seinen Veröffentlichungen gehören Bücher über Goethe, Kafka und Celan sowie Aufsätze über Walter Benjamin, Gershom Scholem, Franz Rosenzweig und Erich Auerbach, S. Y. Agnon und andere. In den Jahren 2013 bis 2020 leitete er das Minerva-Institut für Deutsche Geschichte an der Universität Tel Aviv. Im Jahr 2020 wurde er zum Leiter der School of Cultural Studies ernannt. Im Wintersemester 2024/25 hatte er eine Gastprofessur an der Ludwig-Maximilians-Universität (LMU) München und ist seit dem Sommersemester 2025 an der Humboldt-Universität zu Berlin als Gastprofessor tätig.</p>
<p>&nbsp;</p>

<p>Galili Shahar ist Professor für Vergleichende Literaturwissenschaft und Germanistik. Seine Arbeit widmet sich der Forschung und Lehre zu deutscher, jüdischer und hebräischer Literatur sowie zur klassischen persischen Literatur. Kontakt: gshahar2010@gmail.com</p>
