{"id":7872,"date":"2026-02-20T19:19:02","date_gmt":"2026-02-20T18:19:02","guid":{"rendered":"https:\/\/www2.hu-berlin.de\/extraterritorial\/?page_id=7872"},"modified":"2026-02-20T19:19:02","modified_gmt":"2026-02-20T18:19:02","slug":"lektuereseminar-dialektik-der-aufklaerung","status":"publish","type":"page","link":"https:\/\/www2.hu-berlin.de\/extraterritorial\/lehre\/lv-sommersemester-2026\/lektuereseminar-dialektik-der-aufklaerung\/","title":{"rendered":"Lekt\u00fcreseminar \u201eDialektik der Aufkl\u00e4rung\u201c"},"content":{"rendered":"<p><em>Dr. Ellen Rinner<\/em><\/p>\n<p><a href=\"https:\/\/agnes.hu-berlin.de\/lupo\/rds?state=verpublish&amp;status=init&amp;vmfile=no&amp;publishid=242485&amp;moduleCall=webInfo&amp;publishConfFile=webInfo&amp;publishSubDir=veranstaltung\">Seminar (Link zu Agnes)<\/a><\/p>\n<p>\u201eWas wir uns vorgesetzt hatten, war tats\u00e4chlich nicht weniger als die Erkenntnis, warum die Menschheit, anstatt in einen wahrhaft menschlichen Zustand einzutreten, in eine neue Art von Barbarei versinkt.\u201c<\/p>\n<p>Mit dieser ungebrochen dr\u00e4ngenden Frage beginnen Theodor W. Adorno und Max Horkheimer ihr gemeinsames Hauptwerk, die \u201eDialektik der Aufkl\u00e4rung\u201c. Entstanden im amerikanischen Exil in den Jahren 1939 bis 1944, unterziehen Adorno und Horkheimer angesichts des Faschismus und der Shoah in ihrem Werk den europ\u00e4ischen Zivilisationsprozess einer radikalen Kritik. Ausgehend von ihrer Grundthese der unaufl\u00f6slichen Verschlingung von Mythos und Rationalit\u00e4t verschr\u00e4nken sie in der \u201eDialektik der Aufkl\u00e4rung\u201c Kulturphilosophie, Autoritarismus- und Kapitalismuskritik mit einer der bis heute einflussreichsten Antisemitismustheorien.<!--more--><\/p>\n<p>Zugleich verweist der Untertitel \u201ePhilosophische Fragmente\u201c auf ein Denken, das sich selbst als \u201ekritisches Verhalten\u201c versteht und einer essayistisch-mikrologischen Methode folgt, um ausgehend vom Verdr\u00e4ngten, Marginalisierten und Unterdr\u00fcckten die Geschichte(n) der Aufkl\u00e4rung neu zu erz\u00e4hlen. Insofern ist die \u201eDialektik der Aufkl\u00e4rung\u201c auch Ausdruck des kulturellen Erbes einer diasporischen und konsequent ideologiekritischen j\u00fcdischen Tradition in der Moderne.<\/p>\n<p>Im Seminar lesen und diskutieren wir gemeinsam diesen Grundlagentext der so genannten Frankfurter Schule, jenem Kreis deutsch-j\u00fcdischer Wissenschaftler, die unter dem Eindruck der Krisenjahre der Weimarer Republik eine neue, dialektische und explizit selbstreflexive, kritische Theorie der Gesellschaft entwickelten, die marxistische \u00d6konomiekritik mit empirischer Sozialforschung und Freuds Psychoanalyse verband. Explizit als \u201eFlaschenpost\u201c an k\u00fcnftige Generationen entworfen, soll angesichts der gegenw\u00e4rtigen politischen, \u00f6konomischen, gesellschaftlichen und kulturellen Krisen auch die Frage nach Anspruch und Aktualit\u00e4t des Werks im Seminar diskutiert werden.<\/p>\n","protected":false},"excerpt":{"rendered":"<p>Dr. Ellen Rinner Seminar (Link zu Agnes) \u201eWas wir uns vorgesetzt hatten, war tats\u00e4chlich nicht weniger als die Erkenntnis, warum die Menschheit, anstatt in einen wahrhaft menschlichen Zustand einzutreten, in eine neue Art von Barbarei versinkt.\u201c Mit dieser ungebrochen dr\u00e4ngenden Frage beginnen Theodor W. Adorno und Max Horkheimer ihr gemeinsames Hauptwerk, die \u201eDialektik der Aufkl\u00e4rung\u201c. [&hellip;]<\/p>\n","protected":false},"author":19,"featured_media":0,"parent":7852,"menu_order":3,"comment_status":"closed","ping_status":"closed","template":"templates\/grid-page.php","meta":{"footnotes":""},"_links":{"self":[{"href":"https:\/\/www2.hu-berlin.de\/extraterritorial\/wp-json\/wp\/v2\/pages\/7872"}],"collection":[{"href":"https:\/\/www2.hu-berlin.de\/extraterritorial\/wp-json\/wp\/v2\/pages"}],"about":[{"href":"https:\/\/www2.hu-berlin.de\/extraterritorial\/wp-json\/wp\/v2\/types\/page"}],"author":[{"embeddable":true,"href":"https:\/\/www2.hu-berlin.de\/extraterritorial\/wp-json\/wp\/v2\/users\/19"}],"replies":[{"embeddable":true,"href":"https:\/\/www2.hu-berlin.de\/extraterritorial\/wp-json\/wp\/v2\/comments?post=7872"}],"version-history":[{"count":1,"href":"https:\/\/www2.hu-berlin.de\/extraterritorial\/wp-json\/wp\/v2\/pages\/7872\/revisions"}],"predecessor-version":[{"id":7873,"href":"https:\/\/www2.hu-berlin.de\/extraterritorial\/wp-json\/wp\/v2\/pages\/7872\/revisions\/7873"}],"up":[{"embeddable":true,"href":"https:\/\/www2.hu-berlin.de\/extraterritorial\/wp-json\/wp\/v2\/pages\/7852"}],"wp:attachment":[{"href":"https:\/\/www2.hu-berlin.de\/extraterritorial\/wp-json\/wp\/v2\/media?parent=7872"}],"curies":[{"name":"wp","href":"https:\/\/api.w.org\/{rel}","templated":true}]}}

Lektüreseminar „Dialektik der Aufklärung“

<p><em>Dr. Ellen Rinner</em></p>
<p><a href="https://agnes.hu-berlin.de/lupo/rds?state=verpublish&amp;status=init&amp;vmfile=no&amp;publishid=242485&amp;moduleCall=webInfo&amp;publishConfFile=webInfo&amp;publishSubDir=veranstaltung">Seminar (Link zu Agnes)</a></p>
<p>„Was wir uns vorgesetzt hatten, war tatsächlich nicht weniger als die Erkenntnis, warum die Menschheit, anstatt in einen wahrhaft menschlichen Zustand einzutreten, in eine neue Art von Barbarei versinkt.“</p>
<p>Mit dieser ungebrochen drängenden Frage beginnen Theodor W. Adorno und Max Horkheimer ihr gemeinsames Hauptwerk, die „Dialektik der Aufklärung“. Entstanden im amerikanischen Exil in den Jahren 1939 bis 1944, unterziehen Adorno und Horkheimer angesichts des Faschismus und der Shoah in ihrem Werk den europäischen Zivilisationsprozess einer radikalen Kritik. Ausgehend von ihrer Grundthese der unauflöslichen Verschlingung von Mythos und Rationalität verschränken sie in der „Dialektik der Aufklärung“ Kulturphilosophie, Autoritarismus- und Kapitalismuskritik mit einer der bis heute einflussreichsten Antisemitismustheorien.<!--more--></p>
<p>Zugleich verweist der Untertitel „Philosophische Fragmente“ auf ein Denken, das sich selbst als „kritisches Verhalten“ versteht und einer essayistisch-mikrologischen Methode folgt, um ausgehend vom Verdrängten, Marginalisierten und Unterdrückten die Geschichte(n) der Aufklärung neu zu erzählen. Insofern ist die „Dialektik der Aufklärung“ auch Ausdruck des kulturellen Erbes einer diasporischen und konsequent ideologiekritischen jüdischen Tradition in der Moderne.</p>
<p>Im Seminar lesen und diskutieren wir gemeinsam diesen Grundlagentext der so genannten Frankfurter Schule, jenem Kreis deutsch-jüdischer Wissenschaftler, die unter dem Eindruck der Krisenjahre der Weimarer Republik eine neue, dialektische und explizit selbstreflexive, kritische Theorie der Gesellschaft entwickelten, die marxistische Ökonomiekritik mit empirischer Sozialforschung und Freuds Psychoanalyse verband. Explizit als „Flaschenpost“ an künftige Generationen entworfen, soll angesichts der gegenwärtigen politischen, ökonomischen, gesellschaftlichen und kulturellen Krisen auch die Frage nach Anspruch und Aktualität des Werks im Seminar diskutiert werden.</p>

<p>Dr. Ellen Rinner Seminar (Link zu Agnes) „Was wir uns vorgesetzt hatten, war tatsächlich nicht weniger als die Erkenntnis, warum die Menschheit, anstatt in einen wahrhaft menschlichen Zustand einzutreten, in eine neue Art von Barbarei versinkt.“ Mit dieser ungebrochen drängenden Frage beginnen Theodor W. Adorno und Max Horkheimer ihr gemeinsames Hauptwerk, die „Dialektik der Aufklärung“. [&hellip;]</p>
