{"id":7883,"date":"2026-04-17T11:07:04","date_gmt":"2026-04-17T09:07:04","guid":{"rendered":"https:\/\/www2.hu-berlin.de\/extraterritorial\/?page_id=7883"},"modified":"2026-04-17T11:09:10","modified_gmt":"2026-04-17T09:09:10","slug":"vereinigung-der-einen-unter-ausschluss-der-anderen","status":"publish","type":"page","link":"https:\/\/www2.hu-berlin.de\/extraterritorial\/lehre\/lv-sommersemester-2026\/vereinigung-der-einen-unter-ausschluss-der-anderen\/","title":{"rendered":"Vereinigung der Einen unter Ausschluss der \u201aAnderen\u2019?"},"content":{"rendered":"<p title=\"Sie sind hier: Vereinigung der Einen unter Ausschluss der \u201aAnderen\u2019? Eine erinnerungspolitische Auseinandersetzung mit j\u00fcdischen, (post-)migrantischen und ostdeutschen Perspektiven auf die deutsche Vereinigung 1989\/1990 - Detailseite\">Eine erinnerungspolitische Auseinandersetzung mit j\u00fcdischen, (post-)migrantischen und ostdeutschen Perspektiven auf die deutsche Vereinigung 1989\/1990<\/p>\n<p title=\"Sie sind hier: Vereinigung der Einen unter Ausschluss der \u201aAnderen\u2019? Eine erinnerungspolitische Auseinandersetzung mit j\u00fcdischen, (post-)migrantischen und ostdeutschen Perspektiven auf die deutsche Vereinigung 1989\/1990 - Detailseite\"><a href=\"https:\/\/agnes.hu-berlin.de\/lupo\/rds?state=verpublish&amp;status=init&amp;vmfile=no&amp;publishid=245277&amp;moduleCall=webInfo&amp;publishConfFile=webInfo&amp;publishSubDir=veranstaltung\">Projekttutorium (Link zu Agnes)<\/a><\/p>\n<p title=\"Sie sind hier: Vereinigung der Einen unter Ausschluss der \u201aAnderen\u2019? Eine erinnerungspolitische Auseinandersetzung mit j\u00fcdischen, (post-)migrantischen und ostdeutschen Perspektiven auf die deutsche Vereinigung 1989\/1990 - Detailseite\">Der Mauerfall am 9. November 1989 gilt als signifikantes Ereignis, welches das Ende des Kalten Krieges und der Ost-West-Blockkonfrontation markierte. Darauf folgte ein etwa einj\u00e4hriger Prozess, bei dem die f\u00fcnf neuen Bundesl\u00e4nder in die BRD integriert wurden und sich der Staat DDR aufl\u00f6ste. F\u00fcr viele Menschen stellte dieser Prozess der deutsch-deutschen Vereinigung 1989\/1990 eine unmittelbare Bedrohung ihrer Existenz oder Unversehrtheit ihres Lebens dar, denn inmitten der nationalen \u201aVereinigungseuphorie\u2018 war ein allt\u00e4glicher und struktureller Rassismus sowie Antisemitismus sp\u00fcrbar, den all jene erlebten, die nicht zur nationalen Gemeinschaft gez\u00e4hlt oder pl\u00f6tzlich aus ihr aussortiert wurden.<br \/>\n<!--more--><br \/>\nDie Erz\u00e4hlung einer \u201aFriedlichen Revolution\u2018 schlie\u00dft bis heute die Betroffenen von Gewalt massiv aus und l\u00e4sst sich vor diesem Hintergrund als nationaler Mythos beschreiben. Auch f\u00fcr ostdeutsche Personen ging die Vereinigung mit Entwertung, Arbeitslosigkeit und biografischen Br\u00fcchen einher. In diesem Projekttutorium soll der Frage nachgegangen werden, wie sich die vielf\u00e4ltigen individuellen Erfahrungen zu einer gemeinsamen Erz\u00e4hlung verbinden lassen, die den biografischen Bezug zum historischen Ereignis des Mauerfalls teilt, ohne die Betroffenen gegeneinander auszuspielen. Mithilfe ausgew\u00e4hlter Theorien aus der Erinnerungsforschung werden wir gemeinsam erarbeiten, wie kollektives Gedenken abseits von Erinnerungskonkurrenz vollzogen werden kann. In einer abschlie\u00dfenden Ausstellung werden die gemeinschaftlich erarbeiteten Erkenntnisse ausgetauscht und in einem kreativen Rahmen pr\u00e4sentiert.<\/p>\n<p title=\"Sie sind hier: Vereinigung der Einen unter Ausschluss der \u201aAnderen\u2019? Eine erinnerungspolitische Auseinandersetzung mit j\u00fcdischen, (post-)migrantischen und ostdeutschen Perspektiven auf die deutsche Vereinigung 1989\/1990 - Detailseite\">Bitte meldet euch nach M\u00f6glichkeit \u00fcber diese Emailadresse an und erl\u00e4utert gerne kurz euer spezifisches Interesse am Thema: <a href=\"mailto:janine.nesslboeck@hu-berlin.de\">janine.nesslboeck@hu-berlin.de<\/a><\/p>\n","protected":false},"excerpt":{"rendered":"<p>Eine erinnerungspolitische Auseinandersetzung mit j\u00fcdischen, (post-)migrantischen und ostdeutschen Perspektiven auf die deutsche Vereinigung 1989\/1990 Projekttutorium (Link zu Agnes) Der Mauerfall am 9. November 1989 gilt als signifikantes Ereignis, welches das Ende des Kalten Krieges und der Ost-West-Blockkonfrontation markierte. Darauf folgte ein etwa einj\u00e4hriger Prozess, bei dem die f\u00fcnf neuen Bundesl\u00e4nder in die BRD integriert wurden [&hellip;]<\/p>\n","protected":false},"author":17,"featured_media":0,"parent":7852,"menu_order":6,"comment_status":"closed","ping_status":"closed","template":"templates\/grid-page.php","meta":{"footnotes":""},"_links":{"self":[{"href":"https:\/\/www2.hu-berlin.de\/extraterritorial\/wp-json\/wp\/v2\/pages\/7883"}],"collection":[{"href":"https:\/\/www2.hu-berlin.de\/extraterritorial\/wp-json\/wp\/v2\/pages"}],"about":[{"href":"https:\/\/www2.hu-berlin.de\/extraterritorial\/wp-json\/wp\/v2\/types\/page"}],"author":[{"embeddable":true,"href":"https:\/\/www2.hu-berlin.de\/extraterritorial\/wp-json\/wp\/v2\/users\/17"}],"replies":[{"embeddable":true,"href":"https:\/\/www2.hu-berlin.de\/extraterritorial\/wp-json\/wp\/v2\/comments?post=7883"}],"version-history":[{"count":3,"href":"https:\/\/www2.hu-berlin.de\/extraterritorial\/wp-json\/wp\/v2\/pages\/7883\/revisions"}],"predecessor-version":[{"id":7886,"href":"https:\/\/www2.hu-berlin.de\/extraterritorial\/wp-json\/wp\/v2\/pages\/7883\/revisions\/7886"}],"up":[{"embeddable":true,"href":"https:\/\/www2.hu-berlin.de\/extraterritorial\/wp-json\/wp\/v2\/pages\/7852"}],"wp:attachment":[{"href":"https:\/\/www2.hu-berlin.de\/extraterritorial\/wp-json\/wp\/v2\/media?parent=7883"}],"curies":[{"name":"wp","href":"https:\/\/api.w.org\/{rel}","templated":true}]}}

<p title="Sie sind hier: Vereinigung der Einen unter Ausschluss der ‚Anderen’? Eine erinnerungspolitische Auseinandersetzung mit jüdischen, (post-)migrantischen und ostdeutschen Perspektiven auf die deutsche Vereinigung 1989/1990 - Detailseite">Eine erinnerungspolitische Auseinandersetzung mit jüdischen, (post-)migrantischen und ostdeutschen Perspektiven auf die deutsche Vereinigung 1989/1990</p>
<p title="Sie sind hier: Vereinigung der Einen unter Ausschluss der ‚Anderen’? Eine erinnerungspolitische Auseinandersetzung mit jüdischen, (post-)migrantischen und ostdeutschen Perspektiven auf die deutsche Vereinigung 1989/1990 - Detailseite"><a href="https://agnes.hu-berlin.de/lupo/rds?state=verpublish&amp;status=init&amp;vmfile=no&amp;publishid=245277&amp;moduleCall=webInfo&amp;publishConfFile=webInfo&amp;publishSubDir=veranstaltung">Projekttutorium (Link zu Agnes)</a></p>
<p title="Sie sind hier: Vereinigung der Einen unter Ausschluss der ‚Anderen’? Eine erinnerungspolitische Auseinandersetzung mit jüdischen, (post-)migrantischen und ostdeutschen Perspektiven auf die deutsche Vereinigung 1989/1990 - Detailseite">Der Mauerfall am 9. November 1989 gilt als signifikantes Ereignis, welches das Ende des Kalten Krieges und der Ost-West-Blockkonfrontation markierte. Darauf folgte ein etwa einjähriger Prozess, bei dem die fünf neuen Bundesländer in die BRD integriert wurden und sich der Staat DDR auflöste. Für viele Menschen stellte dieser Prozess der deutsch-deutschen Vereinigung 1989/1990 eine unmittelbare Bedrohung ihrer Existenz oder Unversehrtheit ihres Lebens dar, denn inmitten der nationalen ‚Vereinigungseuphorie‘ war ein alltäglicher und struktureller Rassismus sowie Antisemitismus spürbar, den all jene erlebten, die nicht zur nationalen Gemeinschaft gezählt oder plötzlich aus ihr aussortiert wurden.<br />
<!--more--><br />
Die Erzählung einer ‚Friedlichen Revolution‘ schließt bis heute die Betroffenen von Gewalt massiv aus und lässt sich vor diesem Hintergrund als nationaler Mythos beschreiben. Auch für ostdeutsche Personen ging die Vereinigung mit Entwertung, Arbeitslosigkeit und biografischen Brüchen einher. In diesem Projekttutorium soll der Frage nachgegangen werden, wie sich die vielfältigen individuellen Erfahrungen zu einer gemeinsamen Erzählung verbinden lassen, die den biografischen Bezug zum historischen Ereignis des Mauerfalls teilt, ohne die Betroffenen gegeneinander auszuspielen. Mithilfe ausgewählter Theorien aus der Erinnerungsforschung werden wir gemeinsam erarbeiten, wie kollektives Gedenken abseits von Erinnerungskonkurrenz vollzogen werden kann. In einer abschließenden Ausstellung werden die gemeinschaftlich erarbeiteten Erkenntnisse ausgetauscht und in einem kreativen Rahmen präsentiert.</p>
<p title="Sie sind hier: Vereinigung der Einen unter Ausschluss der ‚Anderen’? Eine erinnerungspolitische Auseinandersetzung mit jüdischen, (post-)migrantischen und ostdeutschen Perspektiven auf die deutsche Vereinigung 1989/1990 - Detailseite">Bitte meldet euch nach Möglichkeit über diese Emailadresse an und erläutert gerne kurz euer spezifisches Interesse am Thema: <a href="mailto:janine.nesslboeck@hu-berlin.de">janine.nesslboeck@hu-berlin.de</a></p>

<p>Eine erinnerungspolitische Auseinandersetzung mit jüdischen, (post-)migrantischen und ostdeutschen Perspektiven auf die deutsche Vereinigung 1989/1990 Projekttutorium (Link zu Agnes) Der Mauerfall am 9. November 1989 gilt als signifikantes Ereignis, welches das Ende des Kalten Krieges und der Ost-West-Blockkonfrontation markierte. Darauf folgte ein etwa einjähriger Prozess, bei dem die fünf neuen Bundesländer in die BRD integriert wurden [&hellip;]</p>
