{"id":7890,"date":"2026-05-21T14:22:47","date_gmt":"2026-05-21T12:22:47","guid":{"rendered":"https:\/\/www2.hu-berlin.de\/extraterritorial\/?page_id=7890"},"modified":"2026-05-21T14:29:03","modified_gmt":"2026-05-21T12:29:03","slug":"gastvortrag-randbemerkungen-die-klassiker-der-moderne-juedisch-gelesen","status":"publish","type":"page","link":"https:\/\/www2.hu-berlin.de\/extraterritorial\/aktuelles\/gastvortrag-randbemerkungen-die-klassiker-der-moderne-juedisch-gelesen\/","title":{"rendered":"Gastvortrag: Randbemerkungen \u2013 Die Klassiker der Moderne, j\u00fcdisch gelesen"},"content":{"rendered":"<p style=\"text-align: left;\">Online-Gastvortrag von Prof. Dr. Liliana Ruth Feierstein im Rahmen des Seminars \u201eVon der Wissenschaft des Judentums zu Judaistik und J\u00fcdischen Studien heute\u201c mit dem Titel: <b>Randbemerkungen: <\/b><b>Die Klassiker der Moderne, j\u00fcdisch gelesen<\/b><\/p>\n<p style=\"text-align: left;\"><span style=\"text-decoration: underline;\"><strong><span class=\"s1\">Montag, 1.6.2026, 15:15-16:45 Uhr<br \/>\n<\/span><\/strong>Unipark Nonntal<\/span><br \/>\n<span style=\"text-decoration: underline;\"><span class=\"s1\">Erzabt-Klotz-Stra\u00dfe 1, Salzburg | Seminarraum 2.442<\/span><\/span><\/p>\n<p style=\"text-align: left;\"><!--more--><\/p>\n<p style=\"text-align: left;\">Die Geschichte der Moderne ist auch eine der Grenzg\u00e4nge, des Marginalen, der Spuren, der Ausnahmen und Details, der Indizien und Mikrogeschichte(n). Auch des anderen Denkens der Isolation und des Exils, des Zuh\u00f6rens, des Echos der Vergangenheit sowie des elliptischen Verstehens von etwas, das nicht da, aber trotzdem sp\u00fcrbar ist. Eine Geschichte, in der Randbemerkungen wichtig werden\u2013Randbemerkungen, wie die Kommentare am Rand einer Talmudseite, die <span class=\"s1\">Aspekte des Textes aufgreifen und Erkl\u00e4rungsversuche unternehmen. <\/span>Der Vortrag wird Klassiker der Geistwissenschaften sowohl aus dem deutschsprachigen (z.B. Sigmund Freud, Aby Warburg, Walter Benjamin, Hannah Arendt) als auch dem franz\u00f6sischsprachigen Raum (\u00c9mile Durkheim, Emmanuel L\u00e9vinas) in Hinblick auf \u201eihr\u201c Judentum, ihre Biografien und ihr Denken deuten, um dadurch einen erinnernden und unerwarteten Blick vorzuschlagen. Die j\u00fcdische Kultur zieht sich wie ein unsichtbarer Faden durch die <span class=\"s1\">Geschichte des europ\u00e4ischen Denkens. Die Klassiker \u201ej\u00fcdisch\u201c zu lesen ist <\/span>auch eine ethische Geste, die eine zum Schweigen gebrachte Geschichte wieder beleuchtet.<\/p>\n<p style=\"text-align: left;\"><span style=\"text-decoration: underline;\"><strong>Referentin:<\/strong><\/span><\/p>\n<p style=\"text-align: left;\">Prof. Dr. Liliana Ruth Feierstein, Professur f\u00fcr die Transkulturelle Geschichte des Judentums am Kulturwissenschaftlichen Institut der Humboldt-Universit\u00e4t zu Berlin<\/p>\n<p>&nbsp;<\/p>\n<div class=\"ead-preview\"><div class=\"ead-document\" style=\"position: relative;padding-top: 90%;\"><div class=\"ead-iframe-wrapper\"><iframe src=\"\/\/docs.google.com\/viewer?url=https%3A%2F%2Fwww2.hu-berlin.de%2Fextraterritorial%2Fwp-content%2Fuploads%2F2026%2F05%2FEinladung_Feierstein_ZJK.pdf&amp;embedded=true&amp;hl=en\" title=\"Eingebettetes Dokument\" class=\"ead-iframe\" style=\"width: 100%;height: 100%;border: none;position: absolute;left: 0;top: 0;visibility: hidden;\"><\/iframe><\/div>\t\t\t<div class=\"ead-document-loading\" style=\"width:100%;height:100%;position:absolute;left:0;top:0;z-index:10;\">\n\t\t\t\t<div class=\"ead-loading-wrap\">\n\t\t\t\t\t<div class=\"ead-loading-main\">\n\t\t\t\t\t\t<div class=\"ead-loading\">\n\t\t\t\t\t\t\t<img src=\"https:\/\/www2.hu-berlin.de\/extraterritorial\/wp-content\/plugins\/embed-any-document\/images\/loading.svg\" width=\"55\" height=\"55\" alt=\"Loader\">\n\t\t\t\t\t\t\t<span>Wird geladen\u00a0\u2026<\/span>\n\t\t\t\t\t\t<\/div>\n\t\t\t\t\t<\/div>\n\t\t\t\t\t<div class=\"ead-loading-foot\">\n\t\t\t\t\t\t<div class=\"ead-loading-foot-title\">\n\t\t\t\t\t\t\t<img src=\"https:\/\/www2.hu-berlin.de\/extraterritorial\/wp-content\/plugins\/embed-any-document\/images\/EAD-logo.svg\" alt=\"EAD-Logo\" width=\"36\" height=\"23\"\/>\n\t\t\t\t\t\t\t<span>Es dauert zu lange?<\/span>\n\t\t\t\t\t\t<\/div>\n\t\t\t\t\t\t<p>\n\t\t\t\t\t\t\t<div class=\"ead-document-btn ead-reload-btn\" role=\"button\">\n\t\t\t\t\t\t\t\t<img src=\"https:\/\/www2.hu-berlin.de\/extraterritorial\/wp-content\/plugins\/embed-any-document\/images\/reload.svg\" alt=\"Neu laden\" width=\"12\" height=\"12\"\/> Dokument neu laden\t\t\t\t\t\t\t<\/div>\n\t\t\t\t\t\t\t<span>|<\/span>\n\t\t\t\t\t\t\t<a href=\"https:\/\/www2.hu-berlin.de\/extraterritorial\/wp-content\/uploads\/2026\/05\/Einladung_Feierstein_ZJK.pdf\" class=\"ead-document-btn\" target=\"_blank\">\n\t\t\t\t\t\t\t\t<img src=\"https:\/\/www2.hu-berlin.de\/extraterritorial\/wp-content\/plugins\/embed-any-document\/images\/open.svg\" alt=\"\u00d6ffnen\" width=\"12\" height=\"12\"\/> In neuem Tab \u00f6ffnen\t\t\t\t\t\t\t<\/a>\n\t\t\t\t\t<\/div>\n\t\t\t\t<\/div>\n\t\t\t<\/div>\n\t\t<\/div><p class=\"embed_download\"><a href=\"https:\/\/www2.hu-berlin.de\/extraterritorial\/wp-content\/uploads\/2026\/05\/Einladung_Feierstein_ZJK.pdf\" download >Download [373.34 KB] <\/a><\/p><\/div>\n","protected":false},"excerpt":{"rendered":"<p>Online-Gastvortrag von Prof. Dr. Liliana Ruth Feierstein im Rahmen des Seminars \u201eVon der Wissenschaft des Judentums zu Judaistik und J\u00fcdischen Studien heute\u201c mit dem Titel: Randbemerkungen: Die Klassiker der Moderne, j\u00fcdisch gelesen Montag, 1.6.2026, 15:15-16:45 Uhr Unipark Nonntal Erzabt-Klotz-Stra\u00dfe 1, Salzburg | Seminarraum 2.442<\/p>\n","protected":false},"author":17,"featured_media":7892,"parent":5488,"menu_order":456,"comment_status":"closed","ping_status":"closed","template":"templates\/grid-page.php","meta":{"footnotes":""},"_links":{"self":[{"href":"https:\/\/www2.hu-berlin.de\/extraterritorial\/wp-json\/wp\/v2\/pages\/7890"}],"collection":[{"href":"https:\/\/www2.hu-berlin.de\/extraterritorial\/wp-json\/wp\/v2\/pages"}],"about":[{"href":"https:\/\/www2.hu-berlin.de\/extraterritorial\/wp-json\/wp\/v2\/types\/page"}],"author":[{"embeddable":true,"href":"https:\/\/www2.hu-berlin.de\/extraterritorial\/wp-json\/wp\/v2\/users\/17"}],"replies":[{"embeddable":true,"href":"https:\/\/www2.hu-berlin.de\/extraterritorial\/wp-json\/wp\/v2\/comments?post=7890"}],"version-history":[{"count":5,"href":"https:\/\/www2.hu-berlin.de\/extraterritorial\/wp-json\/wp\/v2\/pages\/7890\/revisions"}],"predecessor-version":[{"id":7897,"href":"https:\/\/www2.hu-berlin.de\/extraterritorial\/wp-json\/wp\/v2\/pages\/7890\/revisions\/7897"}],"up":[{"embeddable":true,"href":"https:\/\/www2.hu-berlin.de\/extraterritorial\/wp-json\/wp\/v2\/pages\/5488"}],"wp:featuredmedia":[{"embeddable":true,"href":"https:\/\/www2.hu-berlin.de\/extraterritorial\/wp-json\/wp\/v2\/media\/7892"}],"wp:attachment":[{"href":"https:\/\/www2.hu-berlin.de\/extraterritorial\/wp-json\/wp\/v2\/media?parent=7890"}],"curies":[{"name":"wp","href":"https:\/\/api.w.org\/{rel}","templated":true}]}}

Gastvortrag: Randbemerkungen – Die Klassiker der Moderne, jüdisch gelesen

<p style="text-align: left;">Online-Gastvortrag von Prof. Dr. Liliana Ruth Feierstein im Rahmen des Seminars „Von der Wissenschaft des Judentums zu Judaistik und Jüdischen Studien heute“ mit dem Titel: <b>Randbemerkungen: </b><b>Die Klassiker der Moderne, jüdisch gelesen</b></p>
<p style="text-align: left;"><span style="text-decoration: underline;"><strong><span class="s1">Montag, 1.6.2026, 15:15-16:45 Uhr<br />
</span></strong>Unipark Nonntal</span><br />
<span style="text-decoration: underline;"><span class="s1">Erzabt-Klotz-Straße 1, Salzburg | Seminarraum 2.442</span></span></p>
<p style="text-align: left;"><!--more--></p>
<p style="text-align: left;">Die Geschichte der Moderne ist auch eine der Grenzgänge, des Marginalen, der Spuren, der Ausnahmen und Details, der Indizien und Mikrogeschichte(n). Auch des anderen Denkens der Isolation und des Exils, des Zuhörens, des Echos der Vergangenheit sowie des elliptischen Verstehens von etwas, das nicht da, aber trotzdem spürbar ist. Eine Geschichte, in der Randbemerkungen wichtig werden–Randbemerkungen, wie die Kommentare am Rand einer Talmudseite, die <span class="s1">Aspekte des Textes aufgreifen und Erklärungsversuche unternehmen. </span>Der Vortrag wird Klassiker der Geistwissenschaften sowohl aus dem deutschsprachigen (z.B. Sigmund Freud, Aby Warburg, Walter Benjamin, Hannah Arendt) als auch dem französischsprachigen Raum (Émile Durkheim, Emmanuel Lévinas) in Hinblick auf „ihr“ Judentum, ihre Biografien und ihr Denken deuten, um dadurch einen erinnernden und unerwarteten Blick vorzuschlagen. Die jüdische Kultur zieht sich wie ein unsichtbarer Faden durch die <span class="s1">Geschichte des europäischen Denkens. Die Klassiker „jüdisch“ zu lesen ist </span>auch eine ethische Geste, die eine zum Schweigen gebrachte Geschichte wieder beleuchtet.</p>
<p style="text-align: left;"><span style="text-decoration: underline;"><strong>Referentin:</strong></span></p>
<p style="text-align: left;">Prof. Dr. Liliana Ruth Feierstein, Professur für die Transkulturelle Geschichte des Judentums am Kulturwissenschaftlichen Institut der Humboldt-Universität zu Berlin</p>
<p>&nbsp;</p>
<div class="ead-preview"><div class="ead-document" style="position: relative;padding-top: 90%;"><div class="ead-iframe-wrapper"><iframe src="//docs.google.com/viewer?url=https%3A%2F%2Fwww2.hu-berlin.de%2Fextraterritorial%2Fwp-content%2Fuploads%2F2026%2F05%2FEinladung_Feierstein_ZJK.pdf&amp;embedded=true&amp;hl=en" title="Eingebettetes Dokument" class="ead-iframe" style="width: 100%;height: 100%;border: none;position: absolute;left: 0;top: 0;visibility: hidden;"></iframe></div>			<div class="ead-document-loading" style="width:100%;height:100%;position:absolute;left:0;top:0;z-index:10;">
				<div class="ead-loading-wrap">
					<div class="ead-loading-main">
						<div class="ead-loading">
							<img src="https://www2.hu-berlin.de/extraterritorial/wp-content/plugins/embed-any-document/images/loading.svg" width="55" height="55" alt="Loader">
							<span>Wird geladen …</span>
						</div>
					</div>
					<div class="ead-loading-foot">
						<div class="ead-loading-foot-title">
							<img src="https://www2.hu-berlin.de/extraterritorial/wp-content/plugins/embed-any-document/images/EAD-logo.svg" alt="EAD-Logo" width="36" height="23"/>
							<span>Es dauert zu lange?</span>
						</div>
						<p>
							<div class="ead-document-btn ead-reload-btn" role="button">
								<img src="https://www2.hu-berlin.de/extraterritorial/wp-content/plugins/embed-any-document/images/reload.svg" alt="Neu laden" width="12" height="12"/> Dokument neu laden							</div>
							<span>|</span>
							<a href="https://www2.hu-berlin.de/extraterritorial/wp-content/uploads/2026/05/Einladung_Feierstein_ZJK.pdf" class="ead-document-btn" target="_blank">
								<img src="https://www2.hu-berlin.de/extraterritorial/wp-content/plugins/embed-any-document/images/open.svg" alt="Öffnen" width="12" height="12"/> In neuem Tab öffnen							</a>
					</div>
				</div>
			</div>
		</div><p class="embed_download"><a href="https://www2.hu-berlin.de/extraterritorial/wp-content/uploads/2026/05/Einladung_Feierstein_ZJK.pdf" download >Download [373.34 KB] </a></p></div>

<p>Online-Gastvortrag von Prof. Dr. Liliana Ruth Feierstein im Rahmen des Seminars „Von der Wissenschaft des Judentums zu Judaistik und Jüdischen Studien heute“ mit dem Titel: Randbemerkungen: Die Klassiker der Moderne, jüdisch gelesen Montag, 1.6.2026, 15:15-16:45 Uhr Unipark Nonntal Erzabt-Klotz-Straße 1, Salzburg | Seminarraum 2.442</p>
