{"id":1864,"date":"2019-01-24T13:10:34","date_gmt":"2019-01-24T12:10:34","guid":{"rendered":"https:\/\/ethnoserver.hu-berlin.de\/sts\/?page_id=1864"},"modified":"2021-06-15T12:49:36","modified_gmt":"2021-06-15T10:49:36","slug":"dennis-eckhardt","status":"publish","type":"page","link":"https:\/\/www2.hu-berlin.de\/sts\/people\/associated\/dennis-eckhardt\/","title":{"rendered":"Dennis Eckhardt"},"content":{"rendered":"<div style=\"float: left; clear: left;\">\n<p><img loading=\"lazy\" decoding=\"async\" class=\"alignleft\" src=\"https:\/\/www2.hu-berlin.de\/sts\/wp-content\/uploads\/2019\/01\/Profilbild-Dennis_sw-e1548681998104.jpg\" alt=\"Dennis Eckhardt\" width=\"170\" height=\"170\" \/> I am a doctoral candidate at the Institute for European Ethnology at Humboldt-Universit\u00e4t zu Berlin. My research interests are media and relational anthropology, (digital) labour, platform economy and value.<\/p>\n<p>My PhD project&#8217;s working title is &#8220;The Valorization of Comparing. The Making of Comparing Platforms through labour practices&#8221;.<\/p>\n<p>Comparing platforms like idealo, check24, holidaycheck are a growing economic sector: Enterprises facilitate money by valorizing the comparing practices of people, who seek to find the cheapest product. Maintaining these comparing platforms produces contexts of (immaterial) labour, in which the care of data, the allocation of product information, and the translation of clicks into money are important. The research question is:\u00a0 How is comparing made valuable? It focuses connections between labour practices (working on and with media) and the production of (economic) value. Primal empirical findings lead to an understanding of complex labour cultures, in which employed people take care for the platform, and the specific value creating practices ensure the making of money. Currently I am trying to relate 4 perspectives on the creation of value by media-related labour practices: (1) Economic Anthropology (the making of the platform as an economy and market; the creation of value); (2) Media Anthropology (media practices related to programs, algorithms); (3) Labour Culture Research (media practices as day-to-day work on and with the platform) and (4) Science and Technology Studies (to take care of the platform as infrastructuring the value producing infrastructure).<\/p>\n<\/div>\n<p style=\"text-align: left; margin-bottom: 5px;\">Contact: <a href=\"mailto:denniseckhardt@posteo.de\">denniseckhardt@posteo.de<\/a>\u00a0<\/p>\n<h1 style=\"padding: 10px 0 0 0;\">Publications<\/h1>\n<div class=\"teachpress_pub_list\"><form name=\"tppublistform\" method=\"get\"><a name=\"tppubs\" id=\"tppubs\"><\/a><\/form><div class=\"teachpress_publication_list\"><h3 class=\"tp_h3\" id=\"tp_h3_2020\">2020<\/h3><div class=\"tp_publication tp_publication_article\"><div class=\"tp_pub_info\"><p class=\"tp_pub_author\">Dennis Eckhardt, Sarah May, Martina R\u00f6thl, Roman Tischberger and<\/p><p class=\"tp_pub_title\"><a class=\"tp_title_link\" onclick=\"teachpress_pub_showhide('729','tp_links')\" style=\"cursor:pointer;\">Digitale Arbeitskulturen. Transformationen erforschen<\/a> <span class=\"tp_pub_type tp_  article\">Journal Article<\/span> <\/p><p class=\"tp_pub_additional\"><span class=\"tp_pub_additional_in\">In: <\/span><span class=\"tp_pub_additional_journal\">Berliner Bl\u00e4tter: ethnographische und ethnologische Beitr\u00e4ge, <\/span><span class=\"tp_pub_additional_volume\">vol. 82\/2020, <\/span><span class=\"tp_pub_additional_pages\">pp. 3-15, <\/span><span class=\"tp_pub_additional_year\">2020<\/span>.<\/p><p class=\"tp_pub_menu\"><span class=\"tp_resource_link\"><a id=\"tp_links_sh_729\" class=\"tp_show\" onclick=\"teachpress_pub_showhide('729','tp_links')\" title=\"Show links and resources\" style=\"cursor:pointer;\">Links<\/a><\/span><\/p><div class=\"tp_bibtex\" id=\"tp_bibtex_729\" style=\"display:none;\"><div class=\"tp_bibtex_entry\"><pre>@article{Eckhardt2020,<br \/>\r\ntitle = {Digitale Arbeitskulturen. Transformationen erforschen},<br \/>\r\nauthor = {Dennis Eckhardt and Sarah May and Martina R\u00f6thl and Roman Tischberger and},<br \/>\r\nurl = {https:\/\/edoc.hu-berlin.de\/bitstream\/handle\/18452\/22826\/Eckhardt%20et%20al.pdf?sequence=1&isAllowed=y},<br \/>\r\ndoi = {10.18452\/22134},<br \/>\r\nyear  = {2020},<br \/>\r\ndate = {2020-12-01},<br \/>\r\njournal = {Berliner Bl\u00e4tter: ethnographische und ethnologische Beitr\u00e4ge},<br \/>\r\nvolume = {82\/2020},<br \/>\r\npages = {3-15},<br \/>\r\nkeywords = {},<br \/>\r\npubstate = {published},<br \/>\r\ntppubtype = {article}<br \/>\r\n}<br \/>\r\n<\/pre><\/div><p class=\"tp_close_menu\"><a class=\"tp_close\" onclick=\"teachpress_pub_showhide('729','tp_bibtex')\">Close<\/a><\/p><\/div><div class=\"tp_links\" id=\"tp_links_729\" style=\"display:none;\"><div class=\"tp_links_entry\"><ul class=\"tp_pub_list\"><li><i class=\"fas fa-globe\"><\/i><a class=\"tp_pub_list\" href=\"https:\/\/edoc.hu-berlin.de\/bitstream\/handle\/18452\/22826\/Eckhardt%20et%20al.pdf?sequence=1&amp;isAllowed=y\" title=\"https:\/\/edoc.hu-berlin.de\/bitstream\/handle\/18452\/22826\/Eckhardt%20et%20al.pdf?se[...]\" target=\"_blank\">https:\/\/edoc.hu-berlin.de\/bitstream\/handle\/18452\/22826\/Eckhardt%20et%20al.pdf?se[...]<\/a><\/li><li><i class=\"ai ai-doi\"><\/i><a class=\"tp_pub_list\" href=\"https:\/\/dx.doi.org\/10.18452\/22134\" title=\"Follow DOI:10.18452\/22134\" target=\"_blank\">doi:10.18452\/22134<\/a><\/li><\/ul><\/div><p class=\"tp_close_menu\"><a class=\"tp_close\" onclick=\"teachpress_pub_showhide('729','tp_links')\">Close<\/a><\/p><\/div><\/div><\/div><div class=\"tp_publication tp_publication_article\"><div class=\"tp_pub_info\"><p class=\"tp_pub_author\">Moritz Altenried, Manuela Bojedzijev, Mira Wallis, Dennis Eckhardt<\/p><p class=\"tp_pub_title\"><a class=\"tp_title_link\" onclick=\"teachpress_pub_showhide('730','tp_links')\" style=\"cursor:pointer;\">K\u00f6rper, Daten, Arbeitskraft. Ein Gespr\u00e4ch zu Migration und Arbeit unter digitalen Bedingungen<\/a> <span class=\"tp_pub_type tp_  article\">Journal Article<\/span> <\/p><p class=\"tp_pub_additional\"><span class=\"tp_pub_additional_in\">In: <\/span><span class=\"tp_pub_additional_journal\">Berliner Bl\u00e4tter: ethnographische und ethnologische Beitr\u00e4ge, <\/span><span class=\"tp_pub_additional_volume\">vol. 82\/2020, <\/span><span class=\"tp_pub_additional_pages\">pp. 43-53, <\/span><span class=\"tp_pub_additional_year\">2020<\/span>.<\/p><p class=\"tp_pub_menu\"><span class=\"tp_resource_link\"><a id=\"tp_links_sh_730\" class=\"tp_show\" onclick=\"teachpress_pub_showhide('730','tp_links')\" title=\"Show links and resources\" style=\"cursor:pointer;\">Links<\/a><\/span><\/p><div class=\"tp_bibtex\" id=\"tp_bibtex_730\" style=\"display:none;\"><div class=\"tp_bibtex_entry\"><pre>@article{Altenried2020,<br \/>\r\ntitle = {K\u00f6rper, Daten, Arbeitskraft. Ein Gespr\u00e4ch zu Migration und Arbeit unter digitalen Bedingungen},<br \/>\r\nauthor = {Moritz Altenried and Manuela Bojedzijev and Mira Wallis and Dennis Eckhardt},<br \/>\r\nurl = {https:\/\/edoc.hu-berlin.de\/bitstream\/handle\/18452\/22823\/Gespr\u00e4ch%20Wallis%20et%20al.pdf?sequence=1&isAllowed=y},<br \/>\r\ndoi = {10.18452\/22130 },<br \/>\r\nyear  = {2020},<br \/>\r\ndate = {2020-12-01},<br \/>\r\njournal = {Berliner Bl\u00e4tter: ethnographische und ethnologische Beitr\u00e4ge},<br \/>\r\nvolume = {82\/2020},<br \/>\r\npages = {43-53},<br \/>\r\nkeywords = {},<br \/>\r\npubstate = {published},<br \/>\r\ntppubtype = {article}<br \/>\r\n}<br \/>\r\n<\/pre><\/div><p class=\"tp_close_menu\"><a class=\"tp_close\" onclick=\"teachpress_pub_showhide('730','tp_bibtex')\">Close<\/a><\/p><\/div><div class=\"tp_links\" id=\"tp_links_730\" style=\"display:none;\"><div class=\"tp_links_entry\"><ul class=\"tp_pub_list\"><li><i class=\"fas fa-globe\"><\/i><a class=\"tp_pub_list\" href=\"https:\/\/edoc.hu-berlin.de\/bitstream\/handle\/18452\/22823\/Gespr\u00e4ch%20Wallis%20et%20al.pdf?sequence=1&amp;isAllowed=y\" title=\"https:\/\/edoc.hu-berlin.de\/bitstream\/handle\/18452\/22823\/Gespr\u00e4ch%20Wallis%20et%2[...]\" target=\"_blank\">https:\/\/edoc.hu-berlin.de\/bitstream\/handle\/18452\/22823\/Gespr\u00e4ch%20Wallis%20et%2[...]<\/a><\/li><li><i class=\"ai ai-doi\"><\/i><a class=\"tp_pub_list\" href=\"https:\/\/dx.doi.org\/10.18452\/22130 \" title=\"Follow DOI:10.18452\/22130 \" target=\"_blank\">doi:10.18452\/22130 <\/a><\/li><\/ul><\/div><p class=\"tp_close_menu\"><a class=\"tp_close\" onclick=\"teachpress_pub_showhide('730','tp_links')\">Close<\/a><\/p><\/div><\/div><\/div><div class=\"tp_publication tp_publication_collection\"><div class=\"tp_pub_info\"><p class=\"tp_pub_author\">Dennis Eckhardt, Sarah May, Roman Tischberger, Martina R\u00f6thl et al.  (Ed.)<\/p><p class=\"tp_pub_title\"><a class=\"tp_title_link\" onclick=\"teachpress_pub_showhide('655','tp_links')\" style=\"cursor:pointer;\">Digitale Arbeitskulturen: Rahmungen, Effekte, Herausforderungen<\/a> <span class=\"tp_pub_type tp_  collection\">Collection<\/span> <\/p><p class=\"tp_pub_additional\"><span class=\"tp_pub_additional_publisher\">Berliner Bl\u00e4tter: ethnographische und ethnologische Beitr\u00e4ge, <\/span><span class=\"tp_pub_additional_address\">Berlin, <\/span><span class=\"tp_pub_additional_year\">2020<\/span>.<\/p><p class=\"tp_pub_menu\"><span class=\"tp_resource_link\"><a id=\"tp_links_sh_655\" class=\"tp_show\" onclick=\"teachpress_pub_showhide('655','tp_links')\" title=\"Show links and resources\" style=\"cursor:pointer;\">Links<\/a><\/span><\/p><div class=\"tp_bibtex\" id=\"tp_bibtex_655\" style=\"display:none;\"><div class=\"tp_bibtex_entry\"><pre>@collection{Eckhardt2020b,<br \/>\r\ntitle = {Digitale Arbeitskulturen: Rahmungen, Effekte, Herausforderungen},<br \/>\r\neditor = {Dennis Eckhardt and Sarah May and Roman Tischberger and Martina R\u00f6thl et al. },<br \/>\r\nurl = {https:\/\/edoc.hu-berlin.de\/bitstream\/handle\/18452\/22827\/BB%2082%20Digitale%20Arbeitskulturen%20Gesamt.pdf?sequence=1&isAllowed=y},<br \/>\r\nyear  = {2020},<br \/>\r\ndate = {2020-12-01},<br \/>\r\nvolume = {82\/2020},<br \/>\r\npublisher = {Berliner Bl\u00e4tter: ethnographische und ethnologische Beitr\u00e4ge},<br \/>\r\naddress = {Berlin},<br \/>\r\nseries = {Berliner Bl\u00e4tter},<br \/>\r\nkeywords = {},<br \/>\r\npubstate = {published},<br \/>\r\ntppubtype = {collection}<br \/>\r\n}<br \/>\r\n<\/pre><\/div><p class=\"tp_close_menu\"><a class=\"tp_close\" onclick=\"teachpress_pub_showhide('655','tp_bibtex')\">Close<\/a><\/p><\/div><div class=\"tp_links\" id=\"tp_links_655\" style=\"display:none;\"><div class=\"tp_links_entry\"><ul class=\"tp_pub_list\"><li><i class=\"fas fa-globe\"><\/i><a class=\"tp_pub_list\" href=\"https:\/\/edoc.hu-berlin.de\/bitstream\/handle\/18452\/22827\/BB%2082%20Digitale%20Arbeitskulturen%20Gesamt.pdf?sequence=1&amp;isAllowed=y\" title=\"https:\/\/edoc.hu-berlin.de\/bitstream\/handle\/18452\/22827\/BB%2082%20Digitale%20Arbe[...]\" target=\"_blank\">https:\/\/edoc.hu-berlin.de\/bitstream\/handle\/18452\/22827\/BB%2082%20Digitale%20Arbe[...]<\/a><\/li><\/ul><\/div><p class=\"tp_close_menu\"><a class=\"tp_close\" onclick=\"teachpress_pub_showhide('655','tp_links')\">Close<\/a><\/p><\/div><\/div><\/div><h3 class=\"tp_h3\" id=\"tp_h3_2019\">2019<\/h3><div class=\"tp_publication tp_publication_article\"><div class=\"tp_pub_info\"><p class=\"tp_pub_author\">Sabine Biedermann, Patrick Bieler, Milena Bister, Sascha Cornejo Puschner, Adina Dymczyk, Dennis Eckhardt, Janine Hauer, Maren Heibges, D\u017eeneta Hod\u017ei\u0107, Jonna Josties, Martina Klausner, Anja Klein, C\u00e9line Lauer, Ruzana Liburkina, J\u00f6rg Niew\u00f6hner, Stefan Reinsch, Christine Schmid, Tim Seitz, Itzell Torres, Krystin Unverzagt, Jorge E. Vega-Marrot<\/p><p class=\"tp_pub_title\"><a class=\"tp_title_link\" onclick=\"teachpress_pub_showhide('670','tp_links')\" style=\"cursor:pointer;\">Current work in the Laboratory: Anthropology of Environment | Human Relations: Doing research in a more-than-thought collective<\/a> <span class=\"tp_pub_type tp_  article\">Journal Article<\/span> <\/p><p class=\"tp_pub_additional\"><span class=\"tp_pub_additional_in\">In: <\/span><span class=\"tp_pub_additional_journal\">EASST Review, <\/span><span class=\"tp_pub_additional_volume\">vol. 38, <\/span><span class=\"tp_pub_additional_number\">no. 2, <\/span><span class=\"tp_pub_additional_year\">2019<\/span>.<\/p><p class=\"tp_pub_menu\"><span class=\"tp_resource_link\"><a id=\"tp_links_sh_670\" class=\"tp_show\" onclick=\"teachpress_pub_showhide('670','tp_links')\" title=\"Show links and resources\" style=\"cursor:pointer;\">Links<\/a><\/span><\/p><div class=\"tp_bibtex\" id=\"tp_bibtex_670\" style=\"display:none;\"><div class=\"tp_bibtex_entry\"><pre>@article{Biedermann2019b,<br \/>\r\ntitle = {Current work in the Laboratory: Anthropology of Environment | Human Relations: Doing research in a more-than-thought collective},<br \/>\r\nauthor = {Sabine Biedermann and Patrick Bieler and Milena Bister and Sascha Cornejo Puschner and Adina Dymczyk and Dennis Eckhardt and Janine Hauer and Maren Heibges and D\u017eeneta Hod\u017ei\u0107 and Jonna Josties and Martina Klausner and Anja Klein and C\u00e9line Lauer and Ruzana Liburkina and J\u00f6rg Niew\u00f6hner and Stefan Reinsch and Christine Schmid and Tim Seitz and Itzell Torres and Krystin Unverzagt and Jorge E. Vega-Marrot},<br \/>\r\nurl = {https:\/\/easst.net\/article\/current-work-in-the-laboratory-anthropology-of-environment-human-relations-doing-research-in-a-more-than-thought-collective\/},<br \/>\r\nyear  = {2019},<br \/>\r\ndate = {2019-05-01},<br \/>\r\njournal = {EASST Review},<br \/>\r\nvolume = {38},<br \/>\r\nnumber = {2},<br \/>\r\nkeywords = {},<br \/>\r\npubstate = {published},<br \/>\r\ntppubtype = {article}<br \/>\r\n}<br \/>\r\n<\/pre><\/div><p class=\"tp_close_menu\"><a class=\"tp_close\" onclick=\"teachpress_pub_showhide('670','tp_bibtex')\">Close<\/a><\/p><\/div><div class=\"tp_links\" id=\"tp_links_670\" style=\"display:none;\"><div class=\"tp_links_entry\"><ul class=\"tp_pub_list\"><li><i class=\"fas fa-globe\"><\/i><a class=\"tp_pub_list\" href=\"https:\/\/easst.net\/article\/current-work-in-the-laboratory-anthropology-of-environment-human-relations-doing-research-in-a-more-than-thought-collective\/\" title=\"https:\/\/easst.net\/article\/current-work-in-the-laboratory-anthropology-of-environ[...]\" target=\"_blank\">https:\/\/easst.net\/article\/current-work-in-the-laboratory-anthropology-of-environ[...]<\/a><\/li><\/ul><\/div><p class=\"tp_close_menu\"><a class=\"tp_close\" onclick=\"teachpress_pub_showhide('670','tp_links')\">Close<\/a><\/p><\/div><\/div><\/div><div class=\"tp_publication tp_publication_article\"><div class=\"tp_pub_info\"><p class=\"tp_pub_author\">Sabine Biedermann, Patrick Bieler, Milena Bister, Sascha Cornejo Puschner, Adina Dymczyk, Dennis Eckhardt, Janine Hauer, Maren Heibges, D\u017eeneta Hod\u017ei\u0107, Jonna Josties, Martina Klausner, Anja Klein, C\u00e9line Lauer, Ruzana Liburkina, J\u00f6rg Niew\u00f6hner, Stefan Reinsch, Christine Schmid, Tim Seitz, Itzell Torres, Krystin Unverzagt, Jorge E. Vega-Marrot<\/p><p class=\"tp_pub_title\"><a class=\"tp_title_link\" onclick=\"teachpress_pub_showhide('669','tp_links')\" style=\"cursor:pointer;\">From the Collaboratory Social Anthropology &amp; Life Sciences to the Laboratory: Anthropology of Environment | Human Relations<\/a> <span class=\"tp_pub_type tp_  article\">Journal Article<\/span> <\/p><p class=\"tp_pub_additional\"><span class=\"tp_pub_additional_in\">In: <\/span><span class=\"tp_pub_additional_journal\">EASST Review, <\/span><span class=\"tp_pub_additional_volume\">vol. 38, <\/span><span class=\"tp_pub_additional_number\">no. 2, <\/span><span class=\"tp_pub_additional_year\">2019<\/span>.<\/p><p class=\"tp_pub_menu\"><span class=\"tp_resource_link\"><a id=\"tp_links_sh_669\" class=\"tp_show\" onclick=\"teachpress_pub_showhide('669','tp_links')\" title=\"Show links and resources\" style=\"cursor:pointer;\">Links<\/a><\/span><\/p><div class=\"tp_bibtex\" id=\"tp_bibtex_669\" style=\"display:none;\"><div class=\"tp_bibtex_entry\"><pre>@article{Biedermann2019,<br \/>\r\ntitle = {From the Collaboratory Social Anthropology & Life Sciences to the Laboratory: Anthropology of Environment | Human Relations},<br \/>\r\nauthor = {Sabine Biedermann and Patrick Bieler and Milena Bister and Sascha Cornejo Puschner and Adina Dymczyk and Dennis Eckhardt and Janine Hauer and Maren Heibges and D\u017eeneta Hod\u017ei\u0107 and Jonna Josties and Martina Klausner and Anja Klein and C\u00e9line Lauer and Ruzana Liburkina and J\u00f6rg Niew\u00f6hner and Stefan Reinsch and Christine Schmid and Tim Seitz and Itzell Torres and Krystin Unverzagt and Jorge E. Vega-Marrot},<br \/>\r\nurl = {https:\/\/easst.net\/article\/laboratory-anthropology-of-environmenthuman-relations\/},<br \/>\r\nyear  = {2019},<br \/>\r\ndate = {2019-05-01},<br \/>\r\njournal = {EASST Review},<br \/>\r\nvolume = {38},<br \/>\r\nnumber = {2},<br \/>\r\nkeywords = {},<br \/>\r\npubstate = {published},<br \/>\r\ntppubtype = {article}<br \/>\r\n}<br \/>\r\n<\/pre><\/div><p class=\"tp_close_menu\"><a class=\"tp_close\" onclick=\"teachpress_pub_showhide('669','tp_bibtex')\">Close<\/a><\/p><\/div><div class=\"tp_links\" id=\"tp_links_669\" style=\"display:none;\"><div class=\"tp_links_entry\"><ul class=\"tp_pub_list\"><li><i class=\"fas fa-globe\"><\/i><a class=\"tp_pub_list\" href=\"https:\/\/easst.net\/article\/laboratory-anthropology-of-environmenthuman-relations\/\" title=\"https:\/\/easst.net\/article\/laboratory-anthropology-of-environmenthuman-relations\/\" target=\"_blank\">https:\/\/easst.net\/article\/laboratory-anthropology-of-environmenthuman-relations\/<\/a><\/li><\/ul><\/div><p class=\"tp_close_menu\"><a class=\"tp_close\" onclick=\"teachpress_pub_showhide('669','tp_links')\">Close<\/a><\/p><\/div><\/div><\/div><div class=\"tp_publication tp_publication_book\"><div class=\"tp_pub_info\"><p class=\"tp_pub_author\">Dennis Eckhardt<\/p><p class=\"tp_pub_title\"><a class=\"tp_title_link\" onclick=\"teachpress_pub_showhide('656','tp_links')\" style=\"cursor:pointer;\">Musik machen inmitten Anderer. Reflexionen \u00fcber das Singen im Chor<\/a> <span class=\"tp_pub_type tp_  book\">Book<\/span> <\/p><p class=\"tp_pub_additional\"><span class=\"tp_pub_additional_publisher\">LIT, <\/span><span class=\"tp_pub_additional_address\">M\u00fcnster, <\/span><span class=\"tp_pub_additional_year\">2019<\/span>.<\/p><p class=\"tp_pub_menu\"><span class=\"tp_resource_link\"><a id=\"tp_links_sh_656\" class=\"tp_show\" onclick=\"teachpress_pub_showhide('656','tp_links')\" title=\"Show links and resources\" style=\"cursor:pointer;\">Links<\/a><\/span><\/p><div class=\"tp_bibtex\" id=\"tp_bibtex_656\" style=\"display:none;\"><div class=\"tp_bibtex_entry\"><pre>@book{Eckhardt2019b,<br \/>\r\ntitle = {Musik machen inmitten Anderer. Reflexionen \u00fcber das Singen im Chor},<br \/>\r\nauthor = {Dennis Eckhardt},<br \/>\r\nurl = {http:\/\/www.lit-verlag.de\/isbn\/3-643-14144-6 },<br \/>\r\nyear  = {2019},<br \/>\r\ndate = {2019-04-01},<br \/>\r\npublisher = {LIT},<br \/>\r\naddress = {M\u00fcnster},<br \/>\r\nkeywords = {},<br \/>\r\npubstate = {published},<br \/>\r\ntppubtype = {book}<br \/>\r\n}<br \/>\r\n<\/pre><\/div><p class=\"tp_close_menu\"><a class=\"tp_close\" onclick=\"teachpress_pub_showhide('656','tp_bibtex')\">Close<\/a><\/p><\/div><div class=\"tp_links\" id=\"tp_links_656\" style=\"display:none;\"><div class=\"tp_links_entry\"><ul class=\"tp_pub_list\"><li><i class=\"fas fa-globe\"><\/i><a class=\"tp_pub_list\" href=\"http:\/\/www.lit-verlag.de\/isbn\/3-643-14144-6\" title=\"http:\/\/www.lit-verlag.de\/isbn\/3-643-14144-6\" target=\"_blank\">http:\/\/www.lit-verlag.de\/isbn\/3-643-14144-6<\/a><\/li><\/ul><\/div><p class=\"tp_close_menu\"><a class=\"tp_close\" onclick=\"teachpress_pub_showhide('656','tp_links')\">Close<\/a><\/p><\/div><\/div><\/div><\/div><\/div>\n\n\n<p><\/p>\n","protected":false},"excerpt":{"rendered":"<p>I am a doctoral candidate at the Institute for European Ethnology at Humboldt-Universit\u00e4t zu Berlin. My research interests are media and relational anthropology, (digital) labour, platform economy and value. My PhD project&#8217;s working title is &#8220;The Valorization of Comparing. The Making of Comparing Platforms through labour practices&#8221;. Comparing platforms like &hellip;<\/p>\n","protected":false},"author":19,"featured_media":0,"parent":1949,"menu_order":25,"comment_status":"closed","ping_status":"closed","template":"","meta":{"footnotes":""},"_links":{"self":[{"href":"https:\/\/www2.hu-berlin.de\/sts\/wp-json\/wp\/v2\/pages\/1864"}],"collection":[{"href":"https:\/\/www2.hu-berlin.de\/sts\/wp-json\/wp\/v2\/pages"}],"about":[{"href":"https:\/\/www2.hu-berlin.de\/sts\/wp-json\/wp\/v2\/types\/page"}],"author":[{"embeddable":true,"href":"https:\/\/www2.hu-berlin.de\/sts\/wp-json\/wp\/v2\/users\/19"}],"replies":[{"embeddable":true,"href":"https:\/\/www2.hu-berlin.de\/sts\/wp-json\/wp\/v2\/comments?post=1864"}],"version-history":[{"count":18,"href":"https:\/\/www2.hu-berlin.de\/sts\/wp-json\/wp\/v2\/pages\/1864\/revisions"}],"predecessor-version":[{"id":2841,"href":"https:\/\/www2.hu-berlin.de\/sts\/wp-json\/wp\/v2\/pages\/1864\/revisions\/2841"}],"up":[{"embeddable":true,"href":"https:\/\/www2.hu-berlin.de\/sts\/wp-json\/wp\/v2\/pages\/1949"}],"wp:attachment":[{"href":"https:\/\/www2.hu-berlin.de\/sts\/wp-json\/wp\/v2\/media?parent=1864"}],"curies":[{"name":"wp","href":"https:\/\/api.w.org\/{rel}","templated":true}]}}