{"id":2199,"date":"2019-10-02T15:14:37","date_gmt":"2019-10-02T13:14:37","guid":{"rendered":"https:\/\/ethnoserver.hu-berlin.de\/sts\/?page_id=2199"},"modified":"2021-06-15T12:50:02","modified_gmt":"2021-06-15T10:50:02","slug":"heitger","status":"publish","type":"page","link":"https:\/\/www2.hu-berlin.de\/sts\/people\/current-members\/heitger\/","title":{"rendered":"Anna Heitger"},"content":{"rendered":"\n<div style=\"float: left; clear: left;\"> \n<p><img loading=\"lazy\" decoding=\"async\" class=\"alignleft\" src=\"https:\/\/www2.hu-berlin.de\/sts\/wp-content\/uploads\/2019\/10\/annah.jpg\" alt=\"Anna Heitger\" width=\"170\" height=\"170\"> I obtained my Master\u2019s degree in Cultural and Social Anthropology at the University of Vienna and am currently a doctoral researcher at the Integrative Research Institute on Transformations of Human-Environment Systems (IRI THESys) at HU Berlin. <\/p>\n<p>In the context of the research project Food4Future that aims at bringing together perspectives on nutrition, food production and sustainability, I investigate the social and cultural dimensions of food employing ethnographic and experimental methods.<\/p>\n<p>I am interested in the intersection of the human and its Other, that is, the environment constituted by nonhuman and material entities, from an anthropological perspective. As modern technologies increasingly shape our lives as well as the environment and the emergent intra-actions, I integrate feminist science and technology studies into my analysis.<\/p>\n<\/div>\n\n\n\n<p>Contact: <a href=\"mailto:anna.heitger@hu-berlin.de\">anna.heitger@hu-berlin.de<\/a><\/p>\n\n\n\n<h1 class=\"wp-block-heading\">Publications<\/h1>\n\n\n\n<div class=\"teachpress_pub_list\"><form name=\"tppublistform\" method=\"get\"><a name=\"tppubs\" id=\"tppubs\"><\/a><\/form><div class=\"teachpress_publication_list\"><h3 class=\"tp_h3\" id=\"tp_h3_2020\">2020<\/h3><div class=\"tp_publication tp_publication_article\"><div class=\"tp_pub_info\"><p class=\"tp_pub_author\">Petra Beck, Patrick Bieler, Milena Bister, Adina Dymczyk, Janine Hauer, Anna Heitger, D\u017eeneta Hod\u017ei\u0107, Ruzana Liburkina, Stefan Reinsch, Tim Seitz, Christine Schmid, Krystin Unverzagt<\/p><p class=\"tp_pub_title\"><a class=\"tp_title_link\" onclick=\"teachpress_pub_showhide('714','tp_links')\" style=\"cursor:pointer;\">Rezension zu: Groth, Stefan; Ritter, Christian (Hrsg.): Zusammen arbeiten. Praktiken der Koordination und Kooperation in kollaborativen Prozessen. Bielefeld  2019<\/a> <span class=\"tp_pub_type tp_  article\">Journal Article<\/span> <\/p><p class=\"tp_pub_additional\"><span class=\"tp_pub_additional_in\">In: <\/span><span class=\"tp_pub_additional_journal\">H-Soz-Kult, <\/span><span class=\"tp_pub_additional_year\">2020<\/span>.<\/p><p class=\"tp_pub_menu\"><span class=\"tp_resource_link\"><a id=\"tp_links_sh_714\" class=\"tp_show\" onclick=\"teachpress_pub_showhide('714','tp_links')\" title=\"Show links and resources\" style=\"cursor:pointer;\">Links<\/a><\/span><\/p><div class=\"tp_bibtex\" id=\"tp_bibtex_714\" style=\"display:none;\"><div class=\"tp_bibtex_entry\"><pre>@article{Beck2020,<br \/>\r\ntitle = {Rezension zu: Groth, Stefan; Ritter, Christian (Hrsg.): Zusammen arbeiten. Praktiken der Koordination und Kooperation in kollaborativen Prozessen. Bielefeld  2019},<br \/>\r\nauthor = {Petra Beck and Patrick Bieler and Milena Bister and Adina Dymczyk and Janine Hauer and Anna Heitger and D\u017eeneta Hod\u017ei\u0107 and Ruzana Liburkina and Stefan Reinsch and Tim Seitz and Christine Schmid and Krystin Unverzagt},<br \/>\r\nurl = {https:\/\/www.hsozkult.de\/publicationreview\/id\/reb-29122},<br \/>\r\nyear  = {2020},<br \/>\r\ndate = {2020-02-25},<br \/>\r\njournal = {H-Soz-Kult},<br \/>\r\nkeywords = {},<br \/>\r\npubstate = {published},<br \/>\r\ntppubtype = {article}<br \/>\r\n}<br \/>\r\n<\/pre><\/div><p class=\"tp_close_menu\"><a class=\"tp_close\" onclick=\"teachpress_pub_showhide('714','tp_bibtex')\">Close<\/a><\/p><\/div><div class=\"tp_links\" id=\"tp_links_714\" style=\"display:none;\"><div class=\"tp_links_entry\"><ul class=\"tp_pub_list\"><li><i class=\"fas fa-globe\"><\/i><a class=\"tp_pub_list\" href=\"https:\/\/www.hsozkult.de\/publicationreview\/id\/reb-29122\" title=\"https:\/\/www.hsozkult.de\/publicationreview\/id\/reb-29122\" target=\"_blank\">https:\/\/www.hsozkult.de\/publicationreview\/id\/reb-29122<\/a><\/li><\/ul><\/div><p class=\"tp_close_menu\"><a class=\"tp_close\" onclick=\"teachpress_pub_showhide('714','tp_links')\">Close<\/a><\/p><\/div><\/div><\/div><h3 class=\"tp_h3\" id=\"tp_h3_2018\">2018<\/h3><div class=\"tp_publication tp_publication_article\"><div class=\"tp_pub_info\"><p class=\"tp_pub_author\">Anna Heitger<\/p><p class=\"tp_pub_title\"><a class=\"tp_title_link\" onclick=\"teachpress_pub_showhide('672','tp_links')\" style=\"cursor:pointer;\">On Self-Tracking as Surveillance Practice<\/a> <span class=\"tp_pub_type tp_  article\">Journal Article<\/span> <\/p><p class=\"tp_pub_additional\"><span class=\"tp_pub_additional_in\">In: <\/span><span class=\"tp_pub_additional_journal\">On_Culture: The Open Journal for the Study of Culture, <\/span><span class=\"tp_pub_additional_volume\">vol. 6, <\/span><span class=\"tp_pub_additional_year\">2018<\/span>.<\/p><p class=\"tp_pub_menu\"><span class=\"tp_resource_link\"><a id=\"tp_links_sh_672\" class=\"tp_show\" onclick=\"teachpress_pub_showhide('672','tp_links')\" title=\"Show links and resources\" style=\"cursor:pointer;\">Links<\/a><\/span><\/p><div class=\"tp_bibtex\" id=\"tp_bibtex_672\" style=\"display:none;\"><div class=\"tp_bibtex_entry\"><pre>@article{Heitger2018,<br \/>\r\ntitle = {On Self-Tracking as Surveillance Practice},<br \/>\r\nauthor = {Anna Heitger},<br \/>\r\neditor = {<br \/>\r\n},<br \/>\r\nurl = {http:\/\/geb.uni-giessen.de\/geb\/volltexte\/2018\/13906\/ },<br \/>\r\nyear  = {2018},<br \/>\r\ndate = {2018-01-01},<br \/>\r\njournal = {On_Culture: The Open Journal for the Study of Culture},<br \/>\r\nvolume = {6},<br \/>\r\nkeywords = {},<br \/>\r\npubstate = {published},<br \/>\r\ntppubtype = {article}<br \/>\r\n}<br \/>\r\n<\/pre><\/div><p class=\"tp_close_menu\"><a class=\"tp_close\" onclick=\"teachpress_pub_showhide('672','tp_bibtex')\">Close<\/a><\/p><\/div><div class=\"tp_links\" id=\"tp_links_672\" style=\"display:none;\"><div class=\"tp_links_entry\"><ul class=\"tp_pub_list\"><li><i class=\"fas fa-globe\"><\/i><a class=\"tp_pub_list\" href=\"http:\/\/geb.uni-giessen.de\/geb\/volltexte\/2018\/13906\/\" title=\"http:\/\/geb.uni-giessen.de\/geb\/volltexte\/2018\/13906\/\" target=\"_blank\">http:\/\/geb.uni-giessen.de\/geb\/volltexte\/2018\/13906\/<\/a><\/li><\/ul><\/div><p class=\"tp_close_menu\"><a class=\"tp_close\" onclick=\"teachpress_pub_showhide('672','tp_links')\">Close<\/a><\/p><\/div><\/div><\/div><h3 class=\"tp_h3\" id=\"tp_h3_2017\">2017<\/h3><div class=\"tp_publication tp_publication_article\"><div class=\"tp_pub_info\"><p class=\"tp_pub_author\">Anna Heitger<\/p><p class=\"tp_pub_title\"><a class=\"tp_title_link\" onclick=\"teachpress_pub_showhide('673','tp_links')\" style=\"cursor:pointer;\"> Chicana-Feminismus und die Dekolonisierung der Kultur- und Sozialanthropologie<\/a> <span class=\"tp_pub_type tp_  article\">Journal Article<\/span> <\/p><p class=\"tp_pub_additional\"><span class=\"tp_pub_additional_in\">In: <\/span><span class=\"tp_pub_additional_journal\">Austrian Studies in Social Anthropology, <\/span><span class=\"tp_pub_additional_volume\">vol. 2\/2017, <\/span><span class=\"tp_pub_additional_pages\">pp. 17 p., <\/span><span class=\"tp_pub_additional_year\">2017<\/span>.<\/p><p class=\"tp_pub_menu\"><span class=\"tp_resource_link\"><a id=\"tp_links_sh_673\" class=\"tp_show\" onclick=\"teachpress_pub_showhide('673','tp_links')\" title=\"Show links and resources\" style=\"cursor:pointer;\">Links<\/a><\/span><\/p><div class=\"tp_bibtex\" id=\"tp_bibtex_673\" style=\"display:none;\"><div class=\"tp_bibtex_entry\"><pre>@article{Heitger2017,<br \/>\r\ntitle = { Chicana-Feminismus und die Dekolonisierung der Kultur- und Sozialanthropologie},<br \/>\r\nauthor = {Anna Heitger},<br \/>\r\nurl = {http:\/\/www.univie.ac.at\/alumni.ksa\/index.php\/journale-2017\/chicana-feminismus.html},<br \/>\r\nyear  = {2017},<br \/>\r\ndate = {2017-01-01},<br \/>\r\njournal = {Austrian Studies in Social Anthropology},<br \/>\r\nvolume = {2\/2017},<br \/>\r\npages = {17 p.},<br \/>\r\nkeywords = {},<br \/>\r\npubstate = {published},<br \/>\r\ntppubtype = {article}<br \/>\r\n}<br \/>\r\n<\/pre><\/div><p class=\"tp_close_menu\"><a class=\"tp_close\" onclick=\"teachpress_pub_showhide('673','tp_bibtex')\">Close<\/a><\/p><\/div><div class=\"tp_links\" id=\"tp_links_673\" style=\"display:none;\"><div class=\"tp_links_entry\"><ul class=\"tp_pub_list\"><li><i class=\"fas fa-globe\"><\/i><a class=\"tp_pub_list\" href=\"http:\/\/www.univie.ac.at\/alumni.ksa\/index.php\/journale-2017\/chicana-feminismus.html\" title=\"http:\/\/www.univie.ac.at\/alumni.ksa\/index.php\/journale-2017\/chicana-feminismus.ht[...]\" target=\"_blank\">http:\/\/www.univie.ac.at\/alumni.ksa\/index.php\/journale-2017\/chicana-feminismus.ht[...]<\/a><\/li><\/ul><\/div><p class=\"tp_close_menu\"><a class=\"tp_close\" onclick=\"teachpress_pub_showhide('673','tp_links')\">Close<\/a><\/p><\/div><\/div><\/div><\/div><\/div>\n","protected":false},"excerpt":{"rendered":"<p>I obtained my Master\u2019s degree in Cultural and Social Anthropology at the University of Vienna and am currently a doctoral researcher at the Integrative Research Institute on Transformations of Human-Environment Systems (IRI THESys) at HU Berlin. In the context of the research project Food4Future that aims at bringing together perspectives &hellip;<\/p>\n","protected":false},"author":28,"featured_media":0,"parent":3044,"menu_order":42,"comment_status":"closed","ping_status":"closed","template":"","meta":{"footnotes":""},"_links":{"self":[{"href":"https:\/\/www2.hu-berlin.de\/sts\/wp-json\/wp\/v2\/pages\/2199"}],"collection":[{"href":"https:\/\/www2.hu-berlin.de\/sts\/wp-json\/wp\/v2\/pages"}],"about":[{"href":"https:\/\/www2.hu-berlin.de\/sts\/wp-json\/wp\/v2\/types\/page"}],"author":[{"embeddable":true,"href":"https:\/\/www2.hu-berlin.de\/sts\/wp-json\/wp\/v2\/users\/28"}],"replies":[{"embeddable":true,"href":"https:\/\/www2.hu-berlin.de\/sts\/wp-json\/wp\/v2\/comments?post=2199"}],"version-history":[{"count":20,"href":"https:\/\/www2.hu-berlin.de\/sts\/wp-json\/wp\/v2\/pages\/2199\/revisions"}],"predecessor-version":[{"id":2683,"href":"https:\/\/www2.hu-berlin.de\/sts\/wp-json\/wp\/v2\/pages\/2199\/revisions\/2683"}],"up":[{"embeddable":true,"href":"https:\/\/www2.hu-berlin.de\/sts\/wp-json\/wp\/v2\/pages\/3044"}],"wp:attachment":[{"href":"https:\/\/www2.hu-berlin.de\/sts\/wp-json\/wp\/v2\/media?parent=2199"}],"curies":[{"name":"wp","href":"https:\/\/api.w.org\/{rel}","templated":true}]}}