{"id":3563,"date":"2023-11-13T18:04:31","date_gmt":"2023-11-13T17:04:31","guid":{"rendered":"https:\/\/www2.hu-berlin.de\/sts\/?page_id=3563"},"modified":"2025-11-13T22:10:06","modified_gmt":"2025-11-13T21:10:06","slug":"desiree-hetzel","status":"publish","type":"page","link":"https:\/\/www2.hu-berlin.de\/sts\/people\/current-members\/desiree-hetzel\/","title":{"rendered":"Desir\u00e9e Hetzel"},"content":{"rendered":"<div style=\"float: left; clear: left;\">\n<p><img loading=\"lazy\" decoding=\"async\" class=\"alignleft wp-image-2432\" src=\"https:\/\/www2.hu-berlin.de\/sts\/wp-content\/uploads\/2023\/11\/headshot-Desiree2-scaled.jpg\" alt=\"\" width=\"171\" height=\"170\" \/><\/p>\n<p>I am a postdoctoral researcher at the Institute for European Ethnology and the Integrative Research Institute on Transformations of Human-Environment Systems (<em>IRI THESys<\/em>) Humboldt-Universit\u00e4t zu Berlin.<\/p>\n<p>My research interests are environmental anthropology, reception and conceptualization of climate change, human-water interaction. I am currently conducting research in the transdisciplinary project Climate and Water under Change (<a href=\"https:\/\/www.cliwac.de\/en\/index.html\">CliWaC<\/a>) on imaginaries of hydrosocial territories in Berlin Brandenburg. My dissertation project at LMU Munich dealt with climate change worlding and horticulture in the Pacific Island State of Vanuatu.<\/p>\n<p>Contact: <a href=\"mailto:desiree.hetzel@hu-berlin.de\">desiree.hetzel@hu-berlin.de<\/a><\/p>\n<\/div>\n<p>&nbsp;<\/p>\n<h1 style=\"padding: 10px 0 0 0;\">Publications<\/h1>\n<p>Desir\u00e9e Hetzel (2025) Moving Lives \u2013 Cultivating with Climate Change in Vanuatu, transcript <a href=\"https:\/\/www.transcript-verlag.de\/978-3-8376-7766-9\/moving-lives-cultivating-with-climate-change-in-vanuatu\/?c=311000011\">https:\/\/www.transcript-verlag.de\/978-3-8376-7766-9\/moving-lives-cultivating-with-climate-change-in-vanuatu\/?c=311000011<\/a>.<\/p>\n<p>Desir\u00e9e Hetzel &amp; Arno Pascht (2023) Environments and Socialities in Oceania \u2013 Changing Ideas and Practices, Anthropological Forum, DOI: <a href=\"https:\/\/doi.org\/10.1080\/00664677.2023.2271675\">10.1080\/00664677.2023.2271675<\/a>.<\/p>\n<p>Hetzel, Desir\u00e9e, Patricia Us\u00e9e, Till Goldmann, Pauline M\u00fcnch, Fabio Brill (2023). Flusspunkte \u2013 Szenen aus dem sozialen Leben der Spree. <a href=\"https:\/\/umweltethnologie.com\/2023\/08\/28\/flusspunkte-entlang-der-spree\/\">https:\/\/umweltethnologie.com\/2023\/08\/28\/flusspunkte-entlang-der-spree\/<\/a> (Aug 28, 2023).<\/p>\n<p>Hetzel, Desir\u00e9e, Laura Otto, Arno Pascht (2023). Umwelt, Handlungsoptionen und Differenz. \u00dcberlegungen zu sozial- und kulturanthropologischen Forschung zwischen lokalen Praktiken und globalen Ph\u00e4nomenen. Boas Blog. Contested Knowledge <a href=\"https:\/\/boasblogs.org\/contestedknowledge\/umwelt-handlungsoptionen-differenz\/\">https:\/\/boasblogs.org\/contestedknowledge\/umwelt-handlungsoptionen-differenz\/<\/a> (Jul 24, 2023).<\/p>\n<p>Hetzel, Desir\u00e9e, C\u00e9sar Giraldo, Yvonne Kunz, Katherine Sammler (2023). Teufelsberg: More-than-mountain. <a href=\"https:\/\/umweltethnologie.com\/2023\/02\/08\/teufelsberg-more-than-mountain\/\">https:\/\/umweltethnologie.com\/2023\/02\/08\/teufelsberg-more-than-mountain\/<\/a> (Feb 8, 2023).<\/p>\n<p>&nbsp;<\/p>\n","protected":false},"excerpt":{"rendered":"<p>I am a postdoctoral researcher at the Institute for European Ethnology and the Integrative Research Institute on Transformations of Human-Environment Systems (IRI THESys) Humboldt-Universit\u00e4t zu Berlin. My research interests are environmental anthropology, reception and conceptualization of climate change, human-water interaction. I am currently conducting research in the transdisciplinary project Climate &hellip;<\/p>\n","protected":false},"author":11,"featured_media":0,"parent":3044,"menu_order":0,"comment_status":"closed","ping_status":"closed","template":"","meta":{"footnotes":""},"_links":{"self":[{"href":"https:\/\/www2.hu-berlin.de\/sts\/wp-json\/wp\/v2\/pages\/3563"}],"collection":[{"href":"https:\/\/www2.hu-berlin.de\/sts\/wp-json\/wp\/v2\/pages"}],"about":[{"href":"https:\/\/www2.hu-berlin.de\/sts\/wp-json\/wp\/v2\/types\/page"}],"author":[{"embeddable":true,"href":"https:\/\/www2.hu-berlin.de\/sts\/wp-json\/wp\/v2\/users\/11"}],"replies":[{"embeddable":true,"href":"https:\/\/www2.hu-berlin.de\/sts\/wp-json\/wp\/v2\/comments?post=3563"}],"version-history":[{"count":9,"href":"https:\/\/www2.hu-berlin.de\/sts\/wp-json\/wp\/v2\/pages\/3563\/revisions"}],"predecessor-version":[{"id":3762,"href":"https:\/\/www2.hu-berlin.de\/sts\/wp-json\/wp\/v2\/pages\/3563\/revisions\/3762"}],"up":[{"embeddable":true,"href":"https:\/\/www2.hu-berlin.de\/sts\/wp-json\/wp\/v2\/pages\/3044"}],"wp:attachment":[{"href":"https:\/\/www2.hu-berlin.de\/sts\/wp-json\/wp\/v2\/media?parent=3563"}],"curies":[{"name":"wp","href":"https:\/\/api.w.org\/{rel}","templated":true}]}}